{"id":1504,"date":"2021-05-14T12:59:43","date_gmt":"2021-05-14T10:59:43","guid":{"rendered":"https:\/\/szpital.hhd.pl\/?page_id=1504"},"modified":"2021-08-24T12:38:03","modified_gmt":"2021-08-24T10:38:03","slug":"chirurgia","status":"publish","type":"page","link":"https:\/\/szpital.hhd.pl\/?page_id=1504","title":{"rendered":"Chirurgia"},"content":{"rendered":"\n<\/div><\/div><\/div><\/div>\n<style>\n.page-wrap {\n    padding-bottom: 0px;\n}\n<\/style>\n<div class=\"everyPageHead\">\n\n\n\n<section id=\"everyPageHead\" class=\"wp-block-gutentor-m3 section-gmd975e21 gutentor-module gutentor-container-cover has-image-bg has-custom-bg has-gutentor-block-shape-top has-gutentor-block-shape-bottom\"><div class=\"gutentor-block-shape-top\"><span><svg viewBox=\"0 0 1280 140\" preserveAspectRatio=\"none\" xmlns=\"http:\/\/www.w3.org\/2000\/svg\"><g><path d=\"M0 47.44L170 0l626.48 94.89L1110 87.11l170-39.67V140H0V47.44z\" fill-opacity=\".5\" style=\"fill-rule:evenodd; transform: rotate(180deg); transform-origin:50% 50%;\"\/><path d=\"M0 90.72l140-28.28 315.52 24.14L796.48 65.8 1140 104.89l140-14.17V140H0V90.72z\" style=\"fill-rule:evenodd; transform: rotate(180deg); transform-origin:50% 50%;\"\/><\/g><\/svg><\/span><\/div><div class=\"grid-container\">\n<div style=\"height:200px\" aria-hidden=\"true\" class=\"wp-block-spacer\"><\/div>\n\n\n\n<div id=\"section-gecb490\" class=\"wp-block-gutentor-e1 section-gecb490 gutentor-element gutentor-element-advanced-text text-align-center-desktop\"><div class=\"gutentor-text-wrap\"><h1 class=\"gutentor-text\"><strong>Oddzia\u0142 Chirurgiczny<\/strong><\/h1><\/div><\/div>\n\n\n\n<div style=\"height:200px\" aria-hidden=\"true\" class=\"wp-block-spacer\"><\/div>\n<\/div><div class=\"gutentor-block-shape-bottom\"><span><svg viewBox=\"0 0 1280 140\" preserveAspectRatio=\"none\" xmlns=\"http:\/\/www.w3.org\/2000\/svg\"><g><path d=\"M0 47.44L170 0l626.48 94.89L1110 87.11l170-39.67V140H0V47.44z\" fill-opacity=\".5\" style=\"fill-rule:evenodd; transform: rotate(180deg); transform-origin:50% 50%;\"\/><path d=\"M0 90.72l140-28.28 315.52 24.14L796.48 65.8 1140 104.89l140-14.17V140H0V90.72z\" style=\"fill-rule:evenodd; transform: rotate(180deg); transform-origin:50% 50%;\"\/><\/g><\/svg><\/span><\/div><\/section>\n\n\n\n<\/div>\n<div class=\"container content-wrapper\">\n<div class=\"row>\n<div id=\"primary\" class=\"fp-content-area\">\n<div class=\"entry-content\">\n\n\n\n<section id=\"gm9066481\" class=\"wp-block-gutentor-m3 section-gm9066481 gutentor-module gutentor-container-cover\"><div class=\"grid-container\">\n<section id=\"gm37615ff\" class=\"wp-block-gutentor-m4 section-gm37615ff gutentor-module gutentor-advanced-columns\"><div class=\"grid-container\"><div class=\"grid-row\">\n<div id=\"col-gm8da622\" class=\"wp-block-gutentor-m4-col col-gm8da622 gutentor-single-column  grid-lg-2 grid-md-4 grid-5\"><div id=\"section-gm8da622\" class=\"section-gm8da622 gutentor-col-wrap\">\n<section id=\"gmab54d91\" class=\"wp-block-gutentor-m3 section-gmab54d91 gutentor-module gutentor-container-cover\"><div class=\"grid-container gutentor-rm-ct-space-d gutentor-rm-ct-space-t gutentor-rm-ct-space\">\n<div class=\"wp-block-uagb-advanced-heading uagb-block-71d62253\"><h4 class=\"uagb-heading-text\">Wa\u017cne Informacje<\/h4><div class=\"uagb-separator-wrap\"><div class=\"uagb-separator\"><\/div><\/div><p class=\"uagb-desc-text\"><\/p><\/div>\n\n\n\n<section id=\"gm1c97669\" class=\"wp-block-gutentor-m3 section-gm1c97669 gutentor-module gutentor-container-cover\"><div class=\"grid-container\">\n<div id=\"section-g5f3865\" class=\"wp-block-gutentor-e1 section-g5f3865 gutentor-element gutentor-element-advanced-text\"><div class=\"gutentor-text-wrap\"><p class=\"gutentor-text\">Przyj\u0119cia nag\u0142e na oddzia\u0142 chirurgiczny odbywaj\u0105 si\u0119 codziennie przez ca\u0142\u0105 dob\u0119.<br>Przyj\u0119cia planowe &#8211; w terminie uzgodnionym z lekarzem.<br>Kwalifikacja do i ustalanie termin\u00f3w do zabieg\u00f3w planowych odbywaj\u0105 si\u0119 codziennie w dni powszednie w godzinach od 9-12, na V pi\u0119trze szpitala, przed Oddzia\u0142em Chirurgii Og\u00f3lnej.<\/p><\/div><\/div>\n<\/div><\/section>\n\n\n\n<div style=\"height:35px\" aria-hidden=\"true\" class=\"wp-block-spacer\"><\/div>\n\n\n\n<div class=\"wp-block-uagb-advanced-heading uagb-block-15e0535d\"><h4 class=\"uagb-heading-text\">Kierownik:<\/h4><div class=\"uagb-separator-wrap\"><div class=\"uagb-separator\"><\/div><\/div><p class=\"uagb-desc-text\">Marcin Nelke<\/p><\/div>\n\n\n\n<div id=\"section-g29742a\" class=\"wp-block-gutentor-e6 section-g29742a gutentor-element gutentor-element-image text-align-center-desktop\"><div class=\"gutentor-element-image-box\"><div class=\"gutentor-image-thumb\"><img class=\"normal-image\" src=\"https:\/\/szpital.hhd.pl\/wp-content\/uploads\/2021\/05\/unknown.jpg\"\/><\/div><\/div><\/div>\n\n\n\n<div style=\"height:35px\" aria-hidden=\"true\" class=\"wp-block-spacer\"><\/div>\n\n\n\n<div class=\"wp-block-uagb-advanced-heading uagb-block-e6193753\"><h4 class=\"uagb-heading-text\">Kontakt:<\/h4><div class=\"uagb-separator-wrap\"><div class=\"uagb-separator\"><\/div><\/div><p class=\"uagb-desc-text\"><\/p><\/div>\n\n\n\n<div id=\"section-g6b81a6\" class=\"wp-block-gutentor-e1 section-g6b81a6 gutentor-element gutentor-element-advanced-text\"><div class=\"gutentor-text-wrap\"><p class=\"gutentor-text\">Ordynator:<br>61 281 55 70<br><br>Dy\u017curka Lekarska: <br>61 281 55 98<br><br>Punkt Piel\u0119gniarskigo: <br>61 281 55 67<br><br>Sekretariatu oddzia\u0142u:<br>61 281 55 71<\/p><\/div><\/div>\n<\/div><\/section>\n<\/div><\/div>\n\n\n\n<div id=\"col-gma6526c\" class=\"wp-block-gutentor-m4-col col-gma6526c gutentor-single-column  grid-lg-10 grid-md-8 grid-7\"><div id=\"section-gma6526c\" class=\"section-gma6526c gutentor-col-wrap\">\n<div class=\"wp-block-uagb-advanced-heading uagb-block-b69f3893\"><h2 class=\"uagb-heading-text\"><strong>Oddzia\u0142 Chirurgi<\/strong><\/h2><div class=\"uagb-separator-wrap\"><div class=\"uagb-separator\"><\/div><\/div><p class=\"uagb-desc-text\"><\/p><\/div>\n\n\n\n<div id=\"section-g8f4870\" class=\"wp-block-gutentor-e1 section-g8f4870 gutentor-element gutentor-element-advanced-text\"><div class=\"gutentor-text-wrap\"><p class=\"gutentor-text\">Oddzia\u0142 Chirurgiczny znajduje si\u0119 na V pi\u0119trze szpitala. Obecnie oddzia\u0142 liczy 32 \u0142\u00f3\u017cka w salach 2 i 3-osobowych.<br><strong>Zakres us\u0142ug medycznych \u015bwiadczonych w Oddziale Chirurgicznym:<\/strong><br>1. Zabiegi z zakresu chirurgii kolorektalnej:<br><br>&nbsp;&nbsp;&nbsp; &#8211; laparoskopowe i klasyczne resekcje jelit spowodowane chorobami nowotworowymi, chorob\u0105 uchy\u0142kow\u0105, nieswoistymi zapaleniami jelit, chorob\u0105 Hirshprunga i polipowato\u015bci\u0105 rodzinn\u0105.<br><br>&nbsp;&nbsp;&nbsp; &#8211; pe\u0142en zakres zabieg\u00f3w proktologicznych ze szczeg\u00f3lnym uwzgl\u0119dnieniem przetok oko\u0142oodbytowych, ale r\u00f3wnie\u017c szczelin odbytu, guzk\u00f3w krwawniczych i operacji wypadania odbytnicy.<br><br>2. Operacyjne leczenie chor\u00f3b tarczycy z u\u017cyciem neuromonitoringu do detekcji nerw\u00f3w krtaniowych wstecznych.<br><br>3. Cholecystektomia laparoskopowa i klasyczna.<br><br>4. Leczenie operacyjne przepuklin pachwinowych, udowych i brzusznych z u\u017cyciem siatek przepuklinowych (zabiegi klasyczne i laparoskopowe).<br><br>5. Pe\u0142en zakres zabieg\u00f3w endoskopowych w zakresie dr\u00f3g \u017c\u00f3\u0142ciowych: zabiegi ECPW z usuwaniem z\u0142og\u00f3w z dr\u00f3g \u017co\u0142ciowych i trzustkowych, protezowanie dr\u00f3g \u017c\u00f3\u0142ciowych. Pe\u0142en zakres zabieg\u00f3w endoskopowych w zakresie g\u00f3rnego i dolnego odcinka przewodu pokarmowego: polipektomie, protezowanie prze\u0142yku w nieoperacyjnej chorobie nowotworowej i zabiegi PEG.<br><br>6. Pe\u0142ny zakres chirurgii ostrodyzurowej \u0142\u0105cznie z laparoskopowymi zabiegami zapalenia wyrostka robaczkowego i perforacji przewodu pokarmowego.<br><br>Zesp\u00f3\u0142 lekarski Oddzia\u0142u Chirurgicznego:<br>&#8211; dr n. med. Marcin Nelke&nbsp; &#8211; Kierownik Oddzia\u0142u Chirurgicznego<br><br>&#8211; dr Marek Ciesi\u00f3\u0142ka &#8211; Z-ca Kierownika Oddzia\u0142u Chirurgicznego<br><br>&#8211; dr n. med. Aleksandra \u0141o\u017cy\u0144ska &#8211; Nelke<br><br>&#8211; dr n. med. J\u00f3zef \u015awirkowicz<br>&#8211; dr Henryk Brukarczyk<br>&#8211; dr Krzysztof Szurygaj\u0142o<br>&#8211; dr Maciej Bodnar<br>&#8211; dr Micha\u0142 Kubaszewski<br><br>&#8211; lekarze rezydenci: Ewelina Mansfeld i Ewa Bortnicka<br>&nbsp;<br>Nad pacjentami czuwa r\u00f3wnie\u017c Piel\u0119gniarka Oddzia\u0142owa mgr Maria Frydrych &#8211; Kami\u0144ska oraz piel\u0119gniarki dyplomowane.<br><br>Wa\u017cne informacje:<br>Przyj\u0119cia nag\u0142e na oddzia\u0142 chirurgiczny odbywaj\u0105 si\u0119 codziennie przez ca\u0142\u0105 dob\u0119.<br>Przyj\u0119cia planowe &#8211; w terminie uzgodnionym z lekarzem.<br>Kwalifikacja do i ustalanie termin\u00f3w do zabieg\u00f3w planowych odbywaj\u0105 si\u0119 codziennie w dni powszednie w godzinach od 9-12, na V pi\u0119trze szpitala, przed Oddzia\u0142em Chirurgii Og\u00f3lnej.<br>Tel. do Ordynatora: 61 281 55 70<br>Tel. do Dy\u017curki Lekarskiej: 61 281 55 98<br>Tel. do Punktu Piel\u0119gniarskiego: 61 281 55 67<br>Tel. do Sekretariatu oddzia\u0142u: 61 281 55 71&nbsp;<\/p><\/div><\/div>\n<\/div><\/div>\n<\/div><\/div><\/section>\n<\/div><\/section>\n","protected":false},"excerpt":{"rendered":"","protected":false},"author":1,"featured_media":3140,"parent":0,"menu_order":0,"comment_status":"closed","ping_status":"closed","template":"template-gutentor-full-width.php","meta":[],"uagb_featured_image_src":{"full":["https:\/\/szpital.hhd.pl\/wp-content\/uploads\/2021\/09\/rysunek-1.svg",50,50,false],"thumbnail":["https:\/\/szpital.hhd.pl\/wp-content\/uploads\/2021\/09\/rysunek-1.svg",150,150,true],"medium":["https:\/\/szpital.hhd.pl\/wp-content\/uploads\/2021\/09\/rysunek-1.svg",300,300,true],"medium_large":["https:\/\/szpital.hhd.pl\/wp-content\/uploads\/2021\/09\/rysunek-1.svg",768,1,true],"large":["https:\/\/szpital.hhd.pl\/wp-content\/uploads\/2021\/09\/rysunek-1.svg",1024,1024,true],"1536x1536":["https:\/\/szpital.hhd.pl\/wp-content\/uploads\/2021\/09\/rysunek-1.svg",50,50,true],"2048x2048":["https:\/\/szpital.hhd.pl\/wp-content\/uploads\/2021\/09\/rysunek-1.svg",50,50,true],"sydney-large-thumb":["https:\/\/szpital.hhd.pl\/wp-content\/uploads\/2021\/09\/rysunek-1.svg",50,50,true],"sydney-medium-thumb":["https:\/\/szpital.hhd.pl\/wp-content\/uploads\/2021\/09\/rysunek-1.svg",50,50,true],"sydney-small-thumb":["https:\/\/szpital.hhd.pl\/wp-content\/uploads\/2021\/09\/rysunek-1.svg",50,50,true],"sydney-service-thumb":["https:\/\/szpital.hhd.pl\/wp-content\/uploads\/2021\/09\/rysunek-1.svg",50,50,true],"sydney-mas-thumb":["https:\/\/szpital.hhd.pl\/wp-content\/uploads\/2021\/09\/rysunek-1.svg",50,50,true]},"uagb_author_info":{"display_name":"zandeckiw","author_link":"https:\/\/szpital.hhd.pl\/?author=1"},"uagb_comment_info":0,"uagb_excerpt":null,"_links":{"self":[{"href":"https:\/\/szpital.hhd.pl\/index.php?rest_route=\/wp\/v2\/pages\/1504"}],"collection":[{"href":"https:\/\/szpital.hhd.pl\/index.php?rest_route=\/wp\/v2\/pages"}],"about":[{"href":"https:\/\/szpital.hhd.pl\/index.php?rest_route=\/wp\/v2\/types\/page"}],"author":[{"embeddable":true,"href":"https:\/\/szpital.hhd.pl\/index.php?rest_route=\/wp\/v2\/users\/1"}],"replies":[{"embeddable":true,"href":"https:\/\/szpital.hhd.pl\/index.php?rest_route=%2Fwp%2Fv2%2Fcomments&post=1504"}],"version-history":[{"count":0,"href":"https:\/\/szpital.hhd.pl\/index.php?rest_route=\/wp\/v2\/pages\/1504\/revisions"}],"wp:featuredmedia":[{"embeddable":true,"href":"https:\/\/szpital.hhd.pl\/index.php?rest_route=\/wp\/v2\/media\/3140"}],"wp:attachment":[{"href":"https:\/\/szpital.hhd.pl\/index.php?rest_route=%2Fwp%2Fv2%2Fmedia&parent=1504"}],"curies":[{"name":"wp","href":"https:\/\/api.w.org\/{rel}","templated":true}]}}