{"id":1513,"date":"2021-05-17T07:52:25","date_gmt":"2021-05-17T05:52:25","guid":{"rendered":"https:\/\/szpital.hhd.pl\/?page_id=1513"},"modified":"2021-07-01T12:36:19","modified_gmt":"2021-07-01T10:36:19","slug":"oddzial-ortopedii-i-traumatologii-narzadu-ruchu","status":"publish","type":"page","link":"https:\/\/szpital.hhd.pl\/?page_id=1513","title":{"rendered":"Oddzia\u0142 Ortopedii i Traumatologii Narz\u0105du Ruchu"},"content":{"rendered":"\n<\/div><\/div><\/div><\/div>\n<style>\n.page-wrap {\n    padding-bottom: 0px;\n}\n<\/style>\n<div class=\"everyPageHead\">\n\n\n\n<section id=\"everyPageHead\" class=\"wp-block-gutentor-m3 section-gmb9714e7 gutentor-module gutentor-container-cover has-image-bg has-custom-bg has-gutentor-block-shape-top has-gutentor-block-shape-bottom\"><div class=\"gutentor-block-shape-top\"><span><svg viewBox=\"0 0 1280 140\" preserveAspectRatio=\"none\" xmlns=\"http:\/\/www.w3.org\/2000\/svg\"><g><path d=\"M0 47.44L170 0l626.48 94.89L1110 87.11l170-39.67V140H0V47.44z\" fill-opacity=\".5\" style=\"fill-rule:evenodd; transform: rotate(180deg); transform-origin:50% 50%;\"\/><path d=\"M0 90.72l140-28.28 315.52 24.14L796.48 65.8 1140 104.89l140-14.17V140H0V90.72z\" style=\"fill-rule:evenodd; transform: rotate(180deg); transform-origin:50% 50%;\"\/><\/g><\/svg><\/span><\/div><div class=\"grid-container\">\n<div style=\"height:200px\" aria-hidden=\"true\" class=\"wp-block-spacer\"><\/div>\n\n\n\n<div id=\"section-geb64a3\" class=\"wp-block-gutentor-e1 section-geb64a3 gutentor-element gutentor-element-advanced-text text-align-center-desktop\"><div class=\"gutentor-text-wrap\"><h1 class=\"gutentor-text\"><strong>Oddzia\u0142 Ortopedii i Traumatologii Narz\u0105du Ruchu<\/strong><\/h1><\/div><\/div>\n\n\n\n<div style=\"height:200px\" aria-hidden=\"true\" class=\"wp-block-spacer\"><\/div>\n<\/div><div class=\"gutentor-block-shape-bottom\"><span><svg viewBox=\"0 0 1280 140\" preserveAspectRatio=\"none\" xmlns=\"http:\/\/www.w3.org\/2000\/svg\"><g><path d=\"M0 47.44L170 0l626.48 94.89L1110 87.11l170-39.67V140H0V47.44z\" fill-opacity=\".5\" style=\"fill-rule:evenodd; transform: rotate(180deg); transform-origin:50% 50%;\"\/><path d=\"M0 90.72l140-28.28 315.52 24.14L796.48 65.8 1140 104.89l140-14.17V140H0V90.72z\" style=\"fill-rule:evenodd; transform: rotate(180deg); transform-origin:50% 50%;\"\/><\/g><\/svg><\/span><\/div><\/section>\n\n\n\n<\/div>\n<div class=\"container content-wrapper\">\n<div class=\"row>\n<div id=\"primary\" class=\"fp-content-area\">\n<div class=\"entry-content\">\n\n\n\n<section id=\"gmebe6ea7\" class=\"wp-block-gutentor-m3 section-gmebe6ea7 gutentor-module gutentor-container-cover\"><div class=\"grid-container\">\n<section id=\"gm8df9966\" class=\"wp-block-gutentor-m4 section-gm8df9966 gutentor-module gutentor-advanced-columns gutentor-enable-sticky-column\" data-top=\"120\" data-bottom=\"\"><div class=\"grid-container\"><div class=\"grid-row\">\n<div id=\"col-gme8f49d\" class=\"wp-block-gutentor-m4-col col-gme8f49d gutentor-single-column  grid-lg-2 grid-md-4 grid-5\"><div id=\"section-gme8f49d\" class=\"section-gme8f49d gutentor-col-wrap\">\n<section id=\"gmdfcf3cd\" class=\"wp-block-gutentor-m3 section-gmdfcf3cd gutentor-module gutentor-container-cover\"><div class=\"grid-container gutentor-rm-ct-space-d gutentor-rm-ct-space-t gutentor-rm-ct-space\">\n<div class=\"wp-block-uagb-advanced-heading uagb-block-9002b43d\"><h4 class=\"uagb-heading-text\">Wa\u017cne Informacje<\/h4><div class=\"uagb-separator-wrap\"><div class=\"uagb-separator\"><\/div><\/div><p class=\"uagb-desc-text\"><\/p><\/div>\n\n\n\n<section id=\"gmb3e8547\" class=\"wp-block-gutentor-m3 section-gmb3e8547 gutentor-module gutentor-container-cover\"><div class=\"grid-container\">\n<div id=\"section-gd43f3f\" class=\"wp-block-gutentor-e1 section-gd43f3f gutentor-element gutentor-element-advanced-text\"><div class=\"gutentor-text-wrap\"><p class=\"gutentor-text\">Kwalifikacje pacjent\u00f3w do leczenia planowego na Oddziale Ortopedii i Traumatologii Narz\u0105du Ruchu wraz z uzgodnieniem terminu przyj\u0119cia na oddzia\u0142 dokonuje Lekarz Oddzia\u0142owy od poniedzia\u0142ku do czwartku w godz. 13.00 &#8211; 14.00. <strong>Konieczne jest osobiste wstawienie si\u0119 pacjenta.<\/strong><br>Szpital wyja\u015bnia, \u017ce dopisek \u201epilne\u201d na skierowaniu oznacza jedynie, \u017ce <strong>pacjent kierowany b\u0119dzie przyj\u0119ty do kwalifikacji na leczenie<\/strong> i ustalenie daty hospitalizacji w terminie mo\u017cliwie najkr\u00f3tszym.<\/p><\/div><\/div>\n<\/div><\/section>\n\n\n\n<div style=\"height:35px\" aria-hidden=\"true\" class=\"wp-block-spacer\"><\/div>\n\n\n\n<div class=\"wp-block-uagb-advanced-heading uagb-block-0b515439\"><h4 class=\"uagb-heading-text\">Kierownik:<\/h4><div class=\"uagb-separator-wrap\"><div class=\"uagb-separator\"><\/div><\/div><p class=\"uagb-desc-text\">Tomasz Przyby\u0142a<\/p><\/div>\n\n\n\n<div id=\"section-g88bf94\" class=\"wp-block-gutentor-e6 section-g88bf94 gutentor-element gutentor-element-image text-align-center-desktop\"><div class=\"gutentor-element-image-box\"><div class=\"gutentor-image-thumb\"><img class=\"normal-image\" src=\"https:\/\/szpital.hhd.pl\/wp-content\/uploads\/2021\/05\/unknown.jpg\"\/><\/div><\/div><\/div>\n\n\n\n<div style=\"height:35px\" aria-hidden=\"true\" class=\"wp-block-spacer\"><\/div>\n\n\n\n<div class=\"wp-block-uagb-advanced-heading uagb-block-b789054d\"><h4 class=\"uagb-heading-text\">Kontakt:<\/h4><div class=\"uagb-separator-wrap\"><div class=\"uagb-separator\"><\/div><\/div><p class=\"uagb-desc-text\"><\/p><\/div>\n\n\n\n<div id=\"section-g4e04aa\" class=\"wp-block-gutentor-e1 section-g4e04aa gutentor-element gutentor-element-advanced-text\"><div class=\"gutentor-text-wrap\"><p class=\"gutentor-text\">Gabinet lekarski:<br>61 281 56 27<br><br>Punkt Piel\u0119gniarski:<br>61 281 54 70<br><br>Sekretariat:<br>61 281 56 25<\/p><\/div><\/div>\n<\/div><\/section>\n<\/div><\/div>\n\n\n\n<div id=\"col-gm507bd7\" class=\"wp-block-gutentor-m4-col col-gm507bd7 gutentor-single-column  grid-lg-10 grid-md-8 grid-7\"><div id=\"section-gm507bd7\" class=\"section-gm507bd7 gutentor-col-wrap\">\n<div class=\"wp-block-uagb-advanced-heading uagb-block-79fb1bc9\"><h2 class=\"uagb-heading-text\"><strong><strong>Oddzia\u0142 Ortopedii i Traumatologii Narz\u0105du Ruchu<\/strong><\/strong><\/h2><div class=\"uagb-separator-wrap\"><div class=\"uagb-separator\"><\/div><\/div><p class=\"uagb-desc-text\"><\/p><\/div>\n\n\n\n<div id=\"section-g0ea459\" class=\"wp-block-gutentor-e1 section-g0ea459 gutentor-element gutentor-element-advanced-text\"><div class=\"gutentor-text-wrap\"><p class=\"gutentor-text\">W zakres dzia\u0142ania Oddzia\u0142u Ortopedii i Traumatologii Narz\u0105du Ruchu wchodzi diagnostyka, leczenie operacyjne i pooperacyjne zwi\u0105zane z chorobami i urazami narz\u0105du ruchu.<br>Leczenie poprzedzone jest dok\u0142adn\u0105 diagnostyk\u0105 radiologiczn\u0105, ultrasonograficzn\u0105, b\u0105d\u017a rezonansem magnetycznym. Dok\u0142adna diagnostyka decyduje o sposobie leczenia (leczenie operacyjne czy leczenie zachowawcze). Po uwzgl\u0119dnieniu rodzaju schorzenia i sposobu zastosowanego leczenia, bardzo wa\u017cn\u0105 rol\u0119 odgrywa rehabilitacja, dlatego pacjenci bezpo\u015brednio po zabiegu operacyjnym kierowani s\u0105 najcz\u0119\u015bciej do o\u015brodk\u00f3w rehabilitacyjnych, gdzie przechodz\u0105 pe\u0142en program rehabilitacji.<br><br>Uwaga- wa\u017cne informacje!<br>Kwalifikacje pacjent\u00f3w do leczenia planowego na Oddziale Ortopedii i Traumatologii Narz\u0105du Ruchu wraz z uzgodnieniem terminu przyj\u0119cia na oddzia\u0142 dokonuje Lekarz Oddzia\u0142owy od poniedzia\u0142ku do czwartku w godz. 13.00 &#8211; 14.00. <strong>Konieczne jest osobiste wstawienie si\u0119 pacjenta.<\/strong><br>Szpital wyja\u015bnia, \u017ce dopisek \u201epilne\u201d na skierowaniu oznacza jedynie, \u017ce <strong>pacjent kierowany b\u0119dzie przyj\u0119ty do kwalifikacji na leczenie<\/strong> i ustalenie daty hospitalizacji w terminie mo\u017cliwie najkr\u00f3tszym.<br>Przyj\u0119cia na Oddzia\u0142 Ortopedyczny odbywaj\u0105 si\u0119:<br>&#8211; w trybie planowym &#8211; od poniedzia\u0142ku do pi\u0105tku o godzinie 9.00,<br>&#8211; w trybie nag\u0142ym codziennie przez ca\u0142\u0105 dob\u0119.<br>Poni\u017cej przedstawiamy zakres operacji wykonywanych w \u015bremskim Oddziale Ortopedii i Traumatologii Narz\u0105du Ruchu:<br>* Endoprotezy staw\u00f3w<br>&#8211; endoprotezoplastyka biodra<br>&#8211; endoprotezoplastyka kolana<br>* Rekonstrukcje artroskopowe wi\u0119zade\u0142 krzy\u017cowych kolana<br>&#8211; artroskopowa rekonstrukcja wi\u0119zad\u0142a krzy\u017cowego przedniego z u\u017cyciem w\u0142asnego \u015bci\u0119gna STiGR<br>&#8211; artroskopowa rekonstrukcja wi\u0119zad\u0142a krzy\u017cowego przedniego z u\u017cyciem wi\u0119zad\u0142a rzepki BTB<br>&#8211; artroskopowa rekonstrukcja rewizyjna wi\u0119zad\u0142a krzy\u017cowego przedniego<br>&#8211; artroskopowa rekonstrukcja wi\u0119zad\u0142a krzy\u017cowego tylnego \u015bci\u0119gnami ST i GR<br>&#8211; artroskopowa jednoczesna rekonstrukcja wi\u0119zad\u0142a krzy\u017cowego przedniego i wi\u0119zad\u0142a krzy\u017cowego tylnego<br>* Operacje na \u0142\u0105kotkach<br>&#8211; artroskopowa meniscectomia (usuni\u0119cie uszkodzonego fragmentu \u0142\u0105kotki)<br>&#8211; artroskopowy szew \u0142\u0105kotki przy pomocy zszywek<br>&#8211; artroskopowa plastyka \u0142\u0105kotki bocznej tarczowatej<br>* Operacje na chrz\u0105stce stawowej<br>&#8211; artroskopowe wyr\u00f3wnanie uszkodze\u0144 chrz\u0105stki stawowej<br>&#8211; artroskopowa chondrektomia, shaving, vapolaryzacja chrz\u0105stki stawowej<br>&#8211; artroskopowa technika &#8222;mikroz\u0142ama\u0144&#8221; warstwy podchrz\u0119stnej ko\u015bci<br>&#8211; nawiercanie warstwy podchrz\u0119stnej ko\u015bci<br>&#8211; artroskopowe przeszczepy chrz\u0105stki technik\u0105 &#8222;mozaikow\u0105&#8221;<br>&#8211; transpozycja chrz\u0119stno kostna metod\u0105 otwarta<br>&#8211; artroskopowa fiksacja oddzielonych fragment\u00f3w chrz\u0119stno-kostnych<br>&#8211; operacje zaburze\u0144 toru rzepki \/ nawykowe zwichni\u0119cia i podwichni\u0119cia rzepki<br>&#8211; artroskopowe uwolnienie troczk\u00f3w bocznych rzepki<br>&#8211; artroskopowa duplikatura troczk\u00f3w przy\u015brodkowych rzepki<br>&#8211; operacja m. Hauser &#8211; przeniesienie przyczepu piszczelowego wi\u0119zad\u0142a rzepki<br>* Operacje stawu rzepkowo-udowego<br>&#8211; rekonstrukcja powierzchni rzepkowej uda<br>&#8211; osteotomia rzepki<br>&#8211; uniesienie k\u0142ykci k.udowej<br>&#8211; endoproteza stawu rzepkowo-udowego<br>* Operacje b\u0142ony maziowej<br>&#8211; artroskopowa synowektomia ca\u0142kowita (ca\u0142kowite usuni\u0119cie b\u0142ony maziowej)<br>&#8211; synowektomia kolana metod\u0105 otwart\u0105<br>* Operacje stawu skokowego i \u015bci\u0119gna Achillesa<br>&#8211; artroskopia stawu skokowego<br>&#8211; leczenie \u015bwie\u017cych i zastarza\u0142ych uraz\u00f3w \u015bci\u0119gna Achillesa<br>&#8211; endoskopia \u015bci\u0119gna Achillesa<br>* Operacje barku<br>&#8211; artroskopia stawu barkowego<br>* Biodro trzaskaj\u0105ce<br>* Operacje zespo\u0142\u00f3w uciskowych nerw\u00f3w obwodowych<br>&#8211; operacja zespo\u0142u cie\u015bni nadgarstka, metoda p\u00f3\u0142otwarta lub klasyczna<br>&#8211; operacja \u0142okcia tenisisty<br>* Operacje stopy<br>&#8211; operacja palucha ko\u015blawego bez osteotomii<br>&#8211; operacja palucha ko\u015blawego z osteotomi\u0105<br>* Operacje korekcyjne osi ko\u0144czyn<br>&#8211; operacje przewlek\u0142ych schorze\u0144 kr\u0119gos\u0142upa<br>&#8211; zachowawcze i operacyjne leczenie zespo\u0142\u00f3w b\u00f3lowych kr\u0119gos\u0142upa<br>&#8211; zachowawcze i operacyjne leczenie choroby zwyrodnieniowej kr\u0119gos\u0142upa<br>&#8211; zachowawcze i operacyjne leczenie wad wrodzonych<br>&#8211; choroby kr\u0105\u017ck\u00f3w mi\u0119dzykr\u0119gowych &#8211; m.in. protezy kr\u0105\u017ck\u00f3w mi\u0119dzykr\u0119gowych<br>&#8211; nowotwory &#8211; pierwotne i przerzuty<br>&#8211; skoliozy &#8211; u dzieci i doros\u0142ych<br>&#8211; vertebroplastyka<br>&#8211; kyfoplastyka<br>Na obecnym etapie rozwoju Oddzia\u0142u Ortopedii i Traumatologii Narz\u0105du Ruchu, Oddzia\u0142 nie zajmuje sie wczesnym operacyjnym leczeniem kr\u0119gos\u0142upa.<br>G\u0142\u00f3wnymi zaletami \u015bremskiego Oddzia\u0142u Ortopedii i Traumatologii Narz\u0105du Ruchu s\u0105: kr\u00f3tki czas pobytu w szpitalu, nowoczesne metody leczenia, bardzo dobre zaplecze diagnostyczne i nowoczesny sprz\u0119t na Bloku Operacyjnym, rehabilitacja oraz wysoce wykwalifikowany zesp\u00f3\u0142 lekarzy ortoped\u00f3w w sk\u0142ad, kt\u00f3rego wchodz\u0105:<br>&#8211; Kierownik: lekarz Tomasz Przyby\u0142a<br>&#8211; lekarz Pawe\u0142 Grzesi\u0144ski<br>&#8211; dr n. med. \u0141ukasz Kubaszewski<br>&#8211; lekarz Jaros\u0142aw Supi\u0144ski<br>&#8211; dr n.med. Piotr Zi\u00f3\u0142kiewicz<br>&#8211; lekarz Rados\u0142aw Pietrasik<br>&#8211; lekarz Patryk \u017bolik<br>&#8211; dr hab. n. med. Piotr Rogala<br>&#8211; lekarz Wojciech \u0141ab\u0119d\u017a<br>&#8211; lekarz Marcin Ro\u017cek<br>&#8211; lekarz Jan D\u0142ugosz<br>&#8211; dr n. med. Adam Sulewski<br><br>&#8211; piel\u0119gniarka oddzia\u0142owa &#8211; Magdalena Pok\u0142adecka<br>&#8211; piel\u0119gniarki dyplomowane i personel pomocniczy.<br>Oddzia\u0142 Ortopedii i Traumatologii Narz\u0105du Ruchu mie\u015bci si\u0119 na V pi\u0119trze. Sale chorych z w\u0119z\u0142ami sanitarnymi\u00a0s\u0105 dobrze wyposa\u017cone, zapewniaj\u0105c wysoki standard pobytu.<br>Wa\u017cne informacje:<br>Telefon do Gabinetu lekarskiego: 61 281 56 27<br>Telefon do Punktu Piel\u0119gniarskiego: 61 281 54 70<br>Telefon do Sekretariatu oddzia\u0142u: 61 281 56 25\u00a0<\/p><\/div><\/div>\n<\/div><\/div>\n<\/div><\/div><\/section>\n<\/div><\/section>\n","protected":false},"excerpt":{"rendered":"","protected":false},"author":1,"featured_media":3140,"parent":0,"menu_order":0,"comment_status":"closed","ping_status":"closed","template":"template-gutentor-full-width.php","meta":[],"uagb_featured_image_src":{"full":["https:\/\/szpital.hhd.pl\/wp-content\/uploads\/2021\/09\/rysunek-1.svg",50,50,false],"thumbnail":["https:\/\/szpital.hhd.pl\/wp-content\/uploads\/2021\/09\/rysunek-1.svg",150,150,true],"medium":["https:\/\/szpital.hhd.pl\/wp-content\/uploads\/2021\/09\/rysunek-1.svg",300,300,true],"medium_large":["https:\/\/szpital.hhd.pl\/wp-content\/uploads\/2021\/09\/rysunek-1.svg",768,1,true],"large":["https:\/\/szpital.hhd.pl\/wp-content\/uploads\/2021\/09\/rysunek-1.svg",1024,1024,true],"1536x1536":["https:\/\/szpital.hhd.pl\/wp-content\/uploads\/2021\/09\/rysunek-1.svg",50,50,true],"2048x2048":["https:\/\/szpital.hhd.pl\/wp-content\/uploads\/2021\/09\/rysunek-1.svg",50,50,true],"sydney-large-thumb":["https:\/\/szpital.hhd.pl\/wp-content\/uploads\/2021\/09\/rysunek-1.svg",50,50,true],"sydney-medium-thumb":["https:\/\/szpital.hhd.pl\/wp-content\/uploads\/2021\/09\/rysunek-1.svg",50,50,true],"sydney-small-thumb":["https:\/\/szpital.hhd.pl\/wp-content\/uploads\/2021\/09\/rysunek-1.svg",50,50,true],"sydney-service-thumb":["https:\/\/szpital.hhd.pl\/wp-content\/uploads\/2021\/09\/rysunek-1.svg",50,50,true],"sydney-mas-thumb":["https:\/\/szpital.hhd.pl\/wp-content\/uploads\/2021\/09\/rysunek-1.svg",50,50,true]},"uagb_author_info":{"display_name":"zandeckiw","author_link":"https:\/\/szpital.hhd.pl\/?author=1"},"uagb_comment_info":0,"uagb_excerpt":null,"_links":{"self":[{"href":"https:\/\/szpital.hhd.pl\/index.php?rest_route=\/wp\/v2\/pages\/1513"}],"collection":[{"href":"https:\/\/szpital.hhd.pl\/index.php?rest_route=\/wp\/v2\/pages"}],"about":[{"href":"https:\/\/szpital.hhd.pl\/index.php?rest_route=\/wp\/v2\/types\/page"}],"author":[{"embeddable":true,"href":"https:\/\/szpital.hhd.pl\/index.php?rest_route=\/wp\/v2\/users\/1"}],"replies":[{"embeddable":true,"href":"https:\/\/szpital.hhd.pl\/index.php?rest_route=%2Fwp%2Fv2%2Fcomments&post=1513"}],"version-history":[{"count":0,"href":"https:\/\/szpital.hhd.pl\/index.php?rest_route=\/wp\/v2\/pages\/1513\/revisions"}],"wp:featuredmedia":[{"embeddable":true,"href":"https:\/\/szpital.hhd.pl\/index.php?rest_route=\/wp\/v2\/media\/3140"}],"wp:attachment":[{"href":"https:\/\/szpital.hhd.pl\/index.php?rest_route=%2Fwp%2Fv2%2Fmedia&parent=1513"}],"curies":[{"name":"wp","href":"https:\/\/api.w.org\/{rel}","templated":true}]}}