{"id":1558,"date":"2021-05-19T08:24:54","date_gmt":"2021-05-19T06:24:54","guid":{"rendered":"https:\/\/szpital.hhd.pl\/?page_id=1558"},"modified":"2021-09-20T12:01:52","modified_gmt":"2021-09-20T10:01:52","slug":"oddzial-dzieciecy","status":"publish","type":"page","link":"https:\/\/szpital.hhd.pl\/?page_id=1558","title":{"rendered":"Oddzia\u0142 Dzieci\u0119cy"},"content":{"rendered":"\n<\/div><\/div><\/div><\/div>\n<style>\n.page-wrap {\n    padding-bottom: 0px;\n}\n<\/style>\n<div class=\"everyPageHead\">\n\n\n\n<section id=\"everyPageHead\" class=\"wp-block-gutentor-m3 section-gm1c6ed8e gutentor-module gutentor-container-cover has-image-bg has-custom-bg has-gutentor-block-shape-top has-gutentor-block-shape-bottom\"><div class=\"gutentor-block-shape-top\"><span><svg viewBox=\"0 0 1280 140\" preserveAspectRatio=\"none\" xmlns=\"http:\/\/www.w3.org\/2000\/svg\"><g><path d=\"M0 47.44L170 0l626.48 94.89L1110 87.11l170-39.67V140H0V47.44z\" fill-opacity=\".5\" style=\"fill-rule:evenodd; transform: rotate(180deg); transform-origin:50% 50%;\"\/><path d=\"M0 90.72l140-28.28 315.52 24.14L796.48 65.8 1140 104.89l140-14.17V140H0V90.72z\" style=\"fill-rule:evenodd; transform: rotate(180deg); transform-origin:50% 50%;\"\/><\/g><\/svg><\/span><\/div><div class=\"grid-container\">\n<div style=\"height:200px\" aria-hidden=\"true\" class=\"wp-block-spacer\"><\/div>\n\n\n\n<div id=\"section-g1337ec\" class=\"wp-block-gutentor-e1 section-g1337ec gutentor-element gutentor-element-advanced-text text-align-center-desktop\"><div class=\"gutentor-text-wrap\"><h1 class=\"gutentor-text\"><strong>Oddzia\u0142 Dzieci\u0119cy<\/strong><\/h1><\/div><\/div>\n\n\n\n<div style=\"height:200px\" aria-hidden=\"true\" class=\"wp-block-spacer\"><\/div>\n<\/div><div class=\"gutentor-block-shape-bottom\"><span><svg viewBox=\"0 0 1280 140\" preserveAspectRatio=\"none\" xmlns=\"http:\/\/www.w3.org\/2000\/svg\"><g><path d=\"M0 47.44L170 0l626.48 94.89L1110 87.11l170-39.67V140H0V47.44z\" fill-opacity=\".5\" style=\"fill-rule:evenodd; transform: rotate(180deg); transform-origin:50% 50%;\"\/><path d=\"M0 90.72l140-28.28 315.52 24.14L796.48 65.8 1140 104.89l140-14.17V140H0V90.72z\" style=\"fill-rule:evenodd; transform: rotate(180deg); transform-origin:50% 50%;\"\/><\/g><\/svg><\/span><\/div><\/section>\n\n\n\n<\/div>\n<div class=\"container content-wrapper\">\n<div class=\"row>\n<div id=\"primary\" class=\"fp-content-area\">\n<div class=\"entry-content\">\n\n\n\n<section id=\"gm51cf718\" class=\"wp-block-gutentor-m3 section-gm51cf718 gutentor-module gutentor-container-cover\"><div class=\"grid-container\">\n<section id=\"gmdd25cf6\" class=\"wp-block-gutentor-m4 section-gmdd25cf6 gutentor-module gutentor-advanced-columns gutentor-enable-sticky-column\" data-top=\"120\" data-bottom=\"\"><div class=\"grid-container\"><div class=\"grid-row\">\n<div id=\"col-gmb18c0f\" class=\"wp-block-gutentor-m4-col col-gmb18c0f gutentor-single-column  grid-lg-2 grid-md-4 grid-5\"><div id=\"section-gmb18c0f\" class=\"section-gmb18c0f gutentor-col-wrap\">\n<section id=\"gmf37b489\" class=\"wp-block-gutentor-m3 section-gmf37b489 gutentor-module gutentor-container-cover\"><div class=\"grid-container gutentor-rm-ct-space-d gutentor-rm-ct-space-t gutentor-rm-ct-space\">\n<div class=\"wp-block-uagb-advanced-heading uagb-block-689bc789\"><h4 class=\"uagb-heading-text\">Wa\u017cne Informacje<\/h4><div class=\"uagb-separator-wrap\"><div class=\"uagb-separator\"><\/div><\/div><p class=\"uagb-desc-text\"><\/p><\/div>\n\n\n\n<section id=\"gmca261b0\" class=\"wp-block-gutentor-m3 section-gmca261b0 gutentor-module gutentor-container-cover\"><div class=\"grid-container\">\n<div id=\"section-g0c0b0f\" class=\"wp-block-gutentor-e1 section-g0c0b0f gutentor-element gutentor-element-advanced-text\"><div class=\"gutentor-text-wrap\"><p class=\"gutentor-text\"><\/p><\/div><\/div>\n<\/div><\/section>\n\n\n\n<div style=\"height:35px\" aria-hidden=\"true\" class=\"wp-block-spacer\"><\/div>\n\n\n\n<div class=\"wp-block-uagb-advanced-heading uagb-block-fd66cdcc\"><h4 class=\"uagb-heading-text\">Kierownik:<\/h4><div class=\"uagb-separator-wrap\"><div class=\"uagb-separator\"><\/div><\/div><p class=\"uagb-desc-text\">Piotr<br>Dobrowolski<\/p><\/div>\n\n\n\n<div id=\"section-g070576\" class=\"wp-block-gutentor-e6 section-g070576 gutentor-element gutentor-element-image text-align-center-desktop\"><div class=\"gutentor-element-image-box\"><div class=\"gutentor-image-thumb\"><img class=\"normal-image\" src=\"https:\/\/szpital.hhd.pl\/wp-content\/uploads\/2021\/05\/unknown.jpg\"\/><\/div><\/div><\/div>\n\n\n\n<div style=\"height:35px\" aria-hidden=\"true\" class=\"wp-block-spacer\"><\/div>\n\n\n\n<div class=\"wp-block-uagb-advanced-heading uagb-block-a3ca3831\"><h4 class=\"uagb-heading-text\">Kontakt:<\/h4><div class=\"uagb-separator-wrap\"><div class=\"uagb-separator\"><\/div><\/div><p class=\"uagb-desc-text\"><\/p><\/div>\n\n\n\n<div id=\"section-gce14f2\" class=\"wp-block-gutentor-e1 section-gce14f2 gutentor-element gutentor-element-advanced-text\"><div class=\"gutentor-text-wrap\"><p class=\"gutentor-text\">Gabinet lekarzy:<br>61 281 54 91<br><br>Punkt piel\u0119gniarski: <br>61 281 55 27<br><br>Sekretariatu oddzia\u0142u: <br>61 281 56 20<br><br><\/p><\/div><\/div>\n<\/div><\/section>\n<\/div><\/div>\n\n\n\n<div id=\"col-gm91109e\" class=\"wp-block-gutentor-m4-col col-gm91109e gutentor-single-column  grid-lg-10 grid-md-8 grid-7\"><div id=\"section-gm91109e\" class=\"section-gm91109e gutentor-col-wrap\">\n<div class=\"wp-container-2 wp-block-group\"><div class=\"wp-block-group__inner-container\">\n<div class=\"wp-container-1 wp-block-group\"><div class=\"wp-block-group__inner-container\"><\/div><\/div>\n<\/div><\/div>\n\n\n\n<div style=\"height:100px\" aria-hidden=\"true\" class=\"wp-block-spacer\"><\/div>\n\n\n\n<div class=\"wp-block-uagb-advanced-heading uagb-block-e0517665\"><h2 class=\"uagb-heading-text\"><strong>Oddzia\u0142 Dzieci\u0119cy<\/strong><\/h2><div class=\"uagb-separator-wrap\"><div class=\"uagb-separator\"><\/div><\/div><p class=\"uagb-desc-text\"><\/p><\/div>\n\n\n\n<div id=\"section-g15ef7c\" class=\"wp-block-gutentor-e1 section-g15ef7c gutentor-element gutentor-element-advanced-text\"><div class=\"gutentor-text-wrap\"><p class=\"gutentor-text\"><strong>Oddzia\u0142 Dzieci\u0119cy<\/strong> mie\u015bci si\u0119 na I pi\u0119trze budynku szpitala .<br>Leczymy pacjent\u00f3w w wieku do uko\u0144czenia 18 roku \u017cycia w zakresie:<br>&#8211; Zaka\u017cenie dr\u00f3g oddechowych<br>&#8211; Zapalenie gard\u0142a i migda\u0142k\u00f3w<br>&#8211; Zapalenie krtani<br>&#8211; Zapalenie uszu<br>&#8211; Angina<br>&#8211; Zapalenie oskrzeli<br>&#8211; Obturacyjne zapalenie oskrzeli<br>&#8211; Odoskrzelowe zapalenie p\u0142uc<br>&#8211; Zapalenie p\u0142uc z rtg + z objawami umiarkowanej niewydolno\u015bci oddechowej<br>&#8211; Astma oskrzelowa &#8211; zaostrzenie<br>&#8211; Nadci\u015bnienie t\u0119tnicze \u0142agodne<br>&#8211; B\u00f3le brzucha<br>&#8211; Choroba wrzodowa \u017co\u0142\u0105dka i dwunastnicy<br>&#8211; Niedokrwisto\u015b\u0107 &#8211; diagnostyka i leczenie<br>&#8211; Nie\u017cyt \u017co\u0142\u0105dkowo &#8211; jelitowy<br>&#8211; Zapalenie jamy ustnej<br>&#8211; Zaparcia<br>&#8211; B\u00f3le g\u0142owy<br>&#8211; Pora\u017cenie obwodowe nerwu twarzowego<br>&#8211; Drgawki &#8211; diagnostyka i leczenie<br>&#8211; Zaka\u017cenia uog\u00f3lnione<br>&#8211; Zapalenie opon m\u00f3zgowo &#8211; rdzeniowych wirusowe<br>&#8211; Zapalenie w\u0119z\u0142\u00f3w ch\u0142onnych<br>&#8211; Zaka\u017cenie dr\u00f3g moczowych<br>&#8211; Odmiedniczkowe zapalenie nerek<br>&#8211; Zapalenie staw\u00f3w odczynowe<br>&#8211; Pokrzywka<br>&#8211; Omdlenie<br>&#8211; Niedobory masy cia\u0142a i wzrostu &#8211; podstawowa diagnostyka<br>&#8211; Zaburzenia od\u017cywiania &#8211; podstawowa diagnostyka<br>&#8211; Lekkie i \u015brednie zatrucia lekami &#8211; po konsultacji z O\u015brodkiem Toksykologii<br><br><br>Nad pacjentami czuwa do\u015bwiadczony zesp\u00f3\u0142 specjalist\u00f3w pod kierownictwem lek. med. Pana <strong>Piotra Dobrowolskiego<\/strong> oraz ca\u0142y sztab piel\u0119gniare z Piel\u0119gniark\u0105 Oddzia\u0142ow\u0105 Pani\u0105 Halin\u0105 Floryszczak<br><br><br>Kadr\u0119 lekarsk\u0105 oddzia\u0142u stanowi\u0105:<br>&#8211; dr n. med. Ewelina Tomczak<br>&#8211; dr n. med. Magda Kopaczewska<br>&#8211; dr n. med. Pawe\u0142 Kemnitz<br><br><br><br>Z dniem 1 czerwca 2016 roku <strong>Oddzia\u0142 Pediatryczny poszerzy\u0142 swoj\u0105 ofert\u0119 diagnostyczno &#8211; lecznicz\u0105<\/strong> o konsultacje specjalisty neurologa dzieci\u0119cego w osobie dr<strong> n. med. Pana Paw\u0142a Kemnitza<\/strong> &#8211; konsultanta wojew\u00f3dzkiego w danej dziedzienie oraz adiunkta w klinice Neurologii Dzieci\u0119cej UMP w Poznaniu.<br><br><br>Oddzia\u0142 pod koniec 2016 roku przeszed\u0142 remont i obecnie sk\u0142ada si\u0119 z 7 sal wyposa\u017conych w w\u0119z\u0142y sanitarne,&nbsp;sali intensywnego nadzoru wyposa\u017con\u0105 w nowoczesny sprz\u0119t, wygodnie urz\u0105dzony gabinet zabiegowy. Mali pacjenci maj\u0105 tak\u017ce do dyspozycji miejsce do zabawy i rekreacji je\u017celi stan ich zdrowia pozwala na kontakt z innymi dzie\u0107mi.&nbsp;Umo\u017cliwiamy rodzic\u00f3m\/opiekunom pozostanie z dzie\u0107mi przez ca\u0142\u0105 dob\u0119.&nbsp;<br><br>Wa\u017cne informacje:<br>Przyj\u0119cia na Oddzia\u0142 odbywaj\u0105 si\u0119 codziennie przez ca\u0142\u0105 dob\u0119.<br>Tel. do Gabinetu lekarskiego: 61 281 54 91<br>Tel. do Punktu piel\u0119gniarskiego 61 281 55 27<br>Tel. do Sekretariatu oddzia\u0142u: 61 281 55 29<br><br><br><br><strong>REGULAMIN WEWN\u0118TRZNY ODDZIA\u0141U DZIECI\u0118CEGO<br>SZPITALA POWATOWEGO IM. TADEUSZA MALI\u0143SKIEGO W \u015aREMIE SP. Z O.O.<\/strong><br>&nbsp;<br><strong>I Informacje og\u00f3lne.<\/strong><br>Na okres hospitalizacji przy przyj\u0119ciu w Izbie Przyj\u0119\u0107, ka\u017cdemu dziecku zak\u0142adamy opask\u0119 identyfikacyjn\u0105 z danymi osobowymi.<br>Informacji o stanie zdrowia, przebiegu leczenia oraz planowanym post\u0119powaniu udziela ordynator oddzia\u0142u oraz lekarz prowadz\u0105cy, o aktualnym stanie zdrowia pacjenta informuje lekarz dy\u017curny.<br>Z chorym dzieckiem mo\u017ce przebywa\u0107 jedna osoba (rodzic, opiekun dziecka), w miar\u0119 mo\u017cliwo\u015bci oddzia\u0142u.<br>Rodzice, opiekunowie dzieci mog\u0105 korzysta\u0107 z opieki duszpasterskiej \u2013 Kaplica szpitalna p.w. Matki Boskiej Nieustaj\u0105cej Pomocy \u2013 informator duszpasterski.<br>Dystrybucja posi\u0142k\u00f3w dla pacjent\u00f3w oddzia\u0142u odbywa si\u0119 wg harmonogramu:<br>\u015aniadanie: 800 \u2013 8.30; Obiad : 12.30; Kolacja17.30.<br>Karmienie niemowl\u0105t odbywa si\u0119 wg harmonogramu godzinowego:<br>5.00, 8.00, 11.00, 14.00, 17.00, 20.00, 23.00.<br><strong>II Zasady organizacyjne wsp\u00f3lnego pobytu dziecka i osoby towarzysz\u0105cej.<\/strong><br>Z chorym dzieckiem w jednym czasie mo\u017ce przebywa\u0107 jedna osoba (opiekun, kt\u00f3ry zobowi\u0105zany jest zg\u0142osi\u0107 swoj\u0105 obecno\u015b\u0107). Opiekun dziecka musi by\u0107 osob\u0105 zdrow\u0105.<br>Opiekun oraz osoby odwiedzaj\u0105ce nie mog\u0105 powodowa\u0107 \u017cadnych utrudnie\u0144 w dzia\u0142alno\u015bci oddzia\u0142u, tzn. pracy lekarzy, piel\u0119gniarek i innego personelu. Przebywanie opiekuna nie mo\u017ce narusza\u0107 praw innych pacjent\u00f3w do spokoju, intymno\u015bci itp.<br>Opiekun oraz osoby odwiedzaj\u0105ce zobowi\u0105zane s\u0105 do przestrzegania regulaminu porz\u0105dkowego, zastosowania si\u0119 do polece\u0144 personelu medycznego oddzia\u0142u (szczeg\u00f3lnie w sytuacji choroby zaka\u017anej dziecka).<br>Opiekun zobowi\u0105zany jest do:<br>pozostawienia wierzchniej odzie\u017cy w szatni szpitala,<br>wykonywania osobi\u015bcie czynno\u015bci piel\u0119gnacyjnych u chorego dziecka,<br>nieprzerwanego towarzyszenia dziecku w celu zapewnienia bezpiecze\u0144stwa.<br>W zwi\u0105zku z powy\u017cszym zabrania si\u0119:<br>palenia tytoniu w pomieszczeniach oddzia\u0142u oraz na terenie ca\u0142ego szpitala,<br>sporz\u0105dzania w oddziale posi\u0142k\u00f3w dla dzieci i odwiedzaj\u0105cych,<br>u\u017cywania grza\u0142ek, czajnik\u00f3w bezprzewodowych, przyrz\u0105dzania i spo\u017cywania gor\u0105cych posi\u0142k\u00f3w w salach chorych,<br>korzystania przez odwiedzaj\u0105cych z sanitariat\u00f3w przeznaczonych dla dzieci,<br>prania, suszenia w oddziale w\u0142asnej odzie\u017cy i ubranek dzieci\u0119cych,<br>sadzania dzieci na parapetach okiennych,<br>pozostawiania dzieciom lekarstw oraz ostrych, niebezpiecznych przedmiot\u00f3w (np. no\u017ce, no\u017cyczki itp.),<br>samodzielnego stosowania zabieg\u00f3w leczniczych, zmiany diety czy zalecenia post\u0119powania,<br>u\u017cywania indywidualnych \u015brodk\u00f3w piel\u0119gnacyjnych (myd\u0142o, oliwka, kremy ochronne) w przypadku przeciwwskaza\u0144,<br>u\u017cywania prywatnych ubra\u0144 dzieci\u0119cych, pieluszek wielorazowych w przypadku choroby zaka\u017anej.<br>d) Opiekun korzysta z urz\u0105dze\u0144 w cz\u0119\u015bci jadalnej \u201edla rodzic\u00f3w\u201d.<br>e) Zobowi\u0105zany jest do:<br>posiadania w\u0142asnych przybor\u00f3w toaletowych, \u015brodk\u00f3w higienicznych na okres pobytu z chorym dzieckiem, utrzymania w porz\u0105dku \u0142\u00f3\u017cka, stolika, wykonywania czynno\u015bci higieniczno-piel\u0119gnacyjnych porannych do godziny 8.00, toalety wieczornej do godziny 21.00,<br>zorganizowania we w\u0142asnym zakresie posi\u0142k\u00f3w dla siebie,<br>po wcze\u015bniejszym poinformowaniu Piel\u0119gniarki Oddzia\u0142owej istnieje mo\u017cliwo\u015b\u0107 wykupienia trzech posi\u0142k\u00f3w: \u015bniadania, obiadu, kolacji. Menu ustala szpitalna firma cateringowa. Ca\u0142kowity koszt dziennego wy\u017cywienia zgodnie z Cennikiem us\u0142ug gastronomicznych, kt\u00f3ry stanowi za\u0142\u0105cznik nr 1 do Regulaminu.<br>W sytuacjach podwy\u017cszonego ryzyka epidemiologicznego \u2013 izolacja pacjenta \u2013 dziecka z powodu choroby zaka\u017anej, opiekun zobowi\u0105zany jest respektowa\u0107 wszelkie dodatkowe zalecenia personelu medycznego zwi\u0105zane z przestrzeganiem zasad izolacji oraz zaostrzonego re\u017cimu sanitarnego. Opiekun dziecka zobowi\u0105zany jest do przestrzegania:<br>Zasady ograniczenia kontaktu chorego dziecka wy\u0142\u0105cznie do jednej osoby (rodzica, opiekuna), ogranicza si\u0119 prawo odwiedzin dodatkowych os\u00f3b.<br>Zasady zakazu przebywania chorego dziecka na innych salach, korytarzach, przedszkolu.<br>Zakazu u\u017cywania prywatnych ubra\u0144, pieluszek z wyj\u0105tkiem jednorazowych itp.<br>Dziecko z chorob\u0105 zaka\u017an\u0105 mo\u017ce korzysta\u0107 z przydzielonych na czas izolacji zabawek, kt\u00f3rych rodzaj zostaje ograniczony wy\u0142\u0105cznie do tych, kt\u00f3re mo\u017cna podda\u0107 skutecznej dezynfekcji. Po zako\u0144czonej izolacji zabawki nale\u017cy zwr\u00f3ci\u0107 bezpo\u015brednio personelowi szpitala.<br>Szpital nie pobiera op\u0142aty zwi\u0105zanej z kosztami pobytu rodzica towarzysz\u0105cemu dziecku.<br>Szpital nie ponosi odpowiedzialno\u015bci za:<br>za zaginion\u0105 odzie\u017c, zabawki itp.<br>za pieni\u0105dze, dokumenty, przedmioty warto\u015bciowe pozostawione w oddziale.<\/p><\/div><\/div>\n<\/div><\/div>\n<\/div><\/div><\/section>\n<\/div><\/section>\n","protected":false},"excerpt":{"rendered":"","protected":false},"author":1,"featured_media":3140,"parent":0,"menu_order":0,"comment_status":"closed","ping_status":"closed","template":"template-gutentor-full-width.php","meta":[],"uagb_featured_image_src":{"full":["https:\/\/szpital.hhd.pl\/wp-content\/uploads\/2021\/09\/rysunek-1.svg",50,50,false],"thumbnail":["https:\/\/szpital.hhd.pl\/wp-content\/uploads\/2021\/09\/rysunek-1.svg",150,150,true],"medium":["https:\/\/szpital.hhd.pl\/wp-content\/uploads\/2021\/09\/rysunek-1.svg",300,300,true],"medium_large":["https:\/\/szpital.hhd.pl\/wp-content\/uploads\/2021\/09\/rysunek-1.svg",768,1,true],"large":["https:\/\/szpital.hhd.pl\/wp-content\/uploads\/2021\/09\/rysunek-1.svg",1024,1024,true],"1536x1536":["https:\/\/szpital.hhd.pl\/wp-content\/uploads\/2021\/09\/rysunek-1.svg",50,50,true],"2048x2048":["https:\/\/szpital.hhd.pl\/wp-content\/uploads\/2021\/09\/rysunek-1.svg",50,50,true],"sydney-large-thumb":["https:\/\/szpital.hhd.pl\/wp-content\/uploads\/2021\/09\/rysunek-1.svg",50,50,true],"sydney-medium-thumb":["https:\/\/szpital.hhd.pl\/wp-content\/uploads\/2021\/09\/rysunek-1.svg",50,50,true],"sydney-small-thumb":["https:\/\/szpital.hhd.pl\/wp-content\/uploads\/2021\/09\/rysunek-1.svg",50,50,true],"sydney-service-thumb":["https:\/\/szpital.hhd.pl\/wp-content\/uploads\/2021\/09\/rysunek-1.svg",50,50,true],"sydney-mas-thumb":["https:\/\/szpital.hhd.pl\/wp-content\/uploads\/2021\/09\/rysunek-1.svg",50,50,true]},"uagb_author_info":{"display_name":"zandeckiw","author_link":"https:\/\/szpital.hhd.pl\/?author=1"},"uagb_comment_info":0,"uagb_excerpt":null,"_links":{"self":[{"href":"https:\/\/szpital.hhd.pl\/index.php?rest_route=\/wp\/v2\/pages\/1558"}],"collection":[{"href":"https:\/\/szpital.hhd.pl\/index.php?rest_route=\/wp\/v2\/pages"}],"about":[{"href":"https:\/\/szpital.hhd.pl\/index.php?rest_route=\/wp\/v2\/types\/page"}],"author":[{"embeddable":true,"href":"https:\/\/szpital.hhd.pl\/index.php?rest_route=\/wp\/v2\/users\/1"}],"replies":[{"embeddable":true,"href":"https:\/\/szpital.hhd.pl\/index.php?rest_route=%2Fwp%2Fv2%2Fcomments&post=1558"}],"version-history":[{"count":0,"href":"https:\/\/szpital.hhd.pl\/index.php?rest_route=\/wp\/v2\/pages\/1558\/revisions"}],"wp:featuredmedia":[{"embeddable":true,"href":"https:\/\/szpital.hhd.pl\/index.php?rest_route=\/wp\/v2\/media\/3140"}],"wp:attachment":[{"href":"https:\/\/szpital.hhd.pl\/index.php?rest_route=%2Fwp%2Fv2%2Fmedia&parent=1558"}],"curies":[{"name":"wp","href":"https:\/\/api.w.org\/{rel}","templated":true}]}}