{"id":1594,"date":"2021-05-19T09:39:27","date_gmt":"2021-05-19T07:39:27","guid":{"rendered":"https:\/\/szpital.hhd.pl\/?page_id=1594"},"modified":"2021-08-24T12:39:59","modified_gmt":"2021-08-24T10:39:59","slug":"1594-2","status":"publish","type":"page","link":"https:\/\/szpital.hhd.pl\/?page_id=1594","title":{"rendered":"Oddzia\u0142 Noworodkowy"},"content":{"rendered":"\n<\/div><\/div><\/div><\/div>\n<style>\n.page-wrap {\n    padding-bottom: 0px;\n}\n<\/style>\n<div class=\"everyPageHead\">\n\n\n\n<section id=\"everyPageHead\" class=\"wp-block-gutentor-m3 section-gmfb48105 gutentor-module gutentor-container-cover has-image-bg has-custom-bg has-gutentor-block-shape-top has-gutentor-block-shape-bottom\"><div class=\"gutentor-block-shape-top\"><span><svg viewBox=\"0 0 1280 140\" preserveAspectRatio=\"none\" xmlns=\"http:\/\/www.w3.org\/2000\/svg\"><g><path d=\"M0 47.44L170 0l626.48 94.89L1110 87.11l170-39.67V140H0V47.44z\" fill-opacity=\".5\" style=\"fill-rule:evenodd; transform: rotate(180deg); transform-origin:50% 50%;\"\/><path d=\"M0 90.72l140-28.28 315.52 24.14L796.48 65.8 1140 104.89l140-14.17V140H0V90.72z\" style=\"fill-rule:evenodd; transform: rotate(180deg); transform-origin:50% 50%;\"\/><\/g><\/svg><\/span><\/div><div class=\"grid-container\">\n<div style=\"height:200px\" aria-hidden=\"true\" class=\"wp-block-spacer\"><\/div>\n\n\n\n<div id=\"section-g9e39ed\" class=\"wp-block-gutentor-e1 section-g9e39ed gutentor-element gutentor-element-advanced-text text-align-center-desktop\"><div class=\"gutentor-text-wrap\"><h1 class=\"gutentor-text\"><strong>Oddzia\u0142 <\/strong>Noworodkowy<\/h1><\/div><\/div>\n\n\n\n<div style=\"height:200px\" aria-hidden=\"true\" class=\"wp-block-spacer\"><\/div>\n<\/div><div class=\"gutentor-block-shape-bottom\"><span><svg viewBox=\"0 0 1280 140\" preserveAspectRatio=\"none\" xmlns=\"http:\/\/www.w3.org\/2000\/svg\"><g><path d=\"M0 47.44L170 0l626.48 94.89L1110 87.11l170-39.67V140H0V47.44z\" fill-opacity=\".5\" style=\"fill-rule:evenodd; transform: rotate(180deg); transform-origin:50% 50%;\"\/><path d=\"M0 90.72l140-28.28 315.52 24.14L796.48 65.8 1140 104.89l140-14.17V140H0V90.72z\" style=\"fill-rule:evenodd; transform: rotate(180deg); transform-origin:50% 50%;\"\/><\/g><\/svg><\/span><\/div><\/section>\n\n\n\n<\/div>\n<div class=\"container content-wrapper\">\n<div class=\"row>\n<div id=\"primary\" class=\"fp-content-area\">\n<div class=\"entry-content\">\n\n\n\n<section id=\"gme0fbdb3\" class=\"wp-block-gutentor-m3 section-gme0fbdb3 gutentor-module gutentor-container-cover\"><div class=\"grid-container\">\n<section id=\"gm410636f\" class=\"wp-block-gutentor-m4 section-gm410636f gutentor-module gutentor-advanced-columns\"><div class=\"grid-container\"><div class=\"grid-row\">\n<div id=\"col-gm9f66ad\" class=\"wp-block-gutentor-m4-col col-gm9f66ad gutentor-single-column  grid-lg-2 grid-md-4 grid-5\"><div id=\"section-gm9f66ad\" class=\"section-gm9f66ad gutentor-col-wrap\">\n<section id=\"gm3893de8\" class=\"wp-block-gutentor-m3 section-gm3893de8 gutentor-module gutentor-container-cover\"><div class=\"grid-container gutentor-rm-ct-space-d gutentor-rm-ct-space-t gutentor-rm-ct-space\">\n<div class=\"wp-block-uagb-advanced-heading uagb-block-f429ff15\"><h4 class=\"uagb-heading-text\">Wa\u017cne Informacje<\/h4><div class=\"uagb-separator-wrap\"><div class=\"uagb-separator\"><\/div><\/div><p class=\"uagb-desc-text\"><\/p><\/div>\n\n\n\n<section id=\"gm683804a\" class=\"wp-block-gutentor-m3 section-gm683804a gutentor-module gutentor-container-cover\"><div class=\"grid-container\">\n<div id=\"section-gae54d0\" class=\"wp-block-gutentor-e1 section-gae54d0 gutentor-element gutentor-element-advanced-text\"><div class=\"gutentor-text-wrap\"><p class=\"gutentor-text\">Gutentor Advanced Text<\/p><\/div><\/div>\n<\/div><\/section>\n\n\n\n<div style=\"height:35px\" aria-hidden=\"true\" class=\"wp-block-spacer\"><\/div>\n\n\n\n<div class=\"wp-block-uagb-advanced-heading uagb-block-0ac3f263\"><h4 class=\"uagb-heading-text\">Kierownik:<\/h4><div class=\"uagb-separator-wrap\"><div class=\"uagb-separator\"><\/div><\/div><p class=\"uagb-desc-text\"><\/p><\/div>\n\n\n\n<div id=\"section-g9390c7\" class=\"wp-block-gutentor-e6 section-g9390c7 gutentor-element gutentor-element-image text-align-center-desktop\"><div class=\"gutentor-element-image-box\"><div class=\"gutentor-image-thumb\"><img class=\"normal-image\" src=\"https:\/\/szpital.hhd.pl\/wp-content\/uploads\/2021\/05\/unknown.jpg\"\/><\/div><\/div><\/div>\n\n\n\n<div style=\"height:35px\" aria-hidden=\"true\" class=\"wp-block-spacer\"><\/div>\n\n\n\n<div class=\"wp-block-uagb-advanced-heading uagb-block-820133ac\"><h4 class=\"uagb-heading-text\">Kontakt:<\/h4><div class=\"uagb-separator-wrap\"><div class=\"uagb-separator\"><\/div><\/div><p class=\"uagb-desc-text\"><\/p><\/div>\n\n\n\n<div id=\"section-gd7c42a\" class=\"wp-block-gutentor-e1 section-gd7c42a gutentor-element gutentor-element-advanced-text\"><div class=\"gutentor-text-wrap\"><p class=\"gutentor-text\"><strong>Kierownik:<\/strong><br>61 281 55 40<br><br><strong>Po\u0142o\u017cna: <\/strong><br>61 281 55 65<br><br><strong>Sekretariat<\/strong>:<br>61 281 55 60<br><br><strong>Po\u0142o\u017cne:<\/strong><br>61 281 5565<\/p><\/div><\/div>\n<\/div><\/section>\n<\/div><\/div>\n\n\n\n<div id=\"col-gma693b7\" class=\"wp-block-gutentor-m4-col col-gma693b7 gutentor-single-column  grid-lg-10 grid-md-8 grid-7\"><div id=\"section-gma693b7\" class=\"section-gma693b7 gutentor-col-wrap\">\n<div class=\"wp-container-2 wp-block-group\"><div class=\"wp-block-group__inner-container\">\n<div class=\"wp-container-1 wp-block-group\"><div class=\"wp-block-group__inner-container\"><\/div><\/div>\n<\/div><\/div>\n\n\n\n<div class=\"wp-block-uagb-advanced-heading uagb-block-168b9c62\"><h2 class=\"uagb-heading-text\"><strong><strong>Oddzia\u0142 Noworodkowy<\/strong><\/strong><\/h2><div class=\"uagb-separator-wrap\"><div class=\"uagb-separator\"><\/div><\/div><p class=\"uagb-desc-text\"><\/p><\/div>\n\n\n\n<div id=\"section-gee9987\" class=\"wp-block-gutentor-e1 section-gee9987 gutentor-element gutentor-element-advanced-text\"><div class=\"gutentor-text-wrap\"><p class=\"gutentor-text\"><strong>Oddzia\u0142 Noworodkowy<\/strong> mieszcz\u0105cy si\u0119 na IV pi\u0119trze w szpitalu jest o\u015brodkiem I stopnia w tr\u00f3jpoziomowym systemie opieki perinatalnej (oko\u0142oporodowej) w Polsce.<br>Z miesi\u0105ca na miesi\u0105c, rodzi si\u0119 w Szpitalu w \u015aremie coraz wi\u0119ksza liczba dzieci. Sprawujemy zasadniczo opiek\u0119 nad noworodkami wymagaj\u0105cymi normalnej opieki (zdrowe noworodki), ale gdy zaistnieje potrzeba r\u00f3wnie\u017c s\u0142u\u017cymy pomoc\u0105 noworodkom wymagaj\u0105cym intensywnej i szczeg\u00f3lnej opieki. Na oddziale znajduje si\u0119 jedno stanowisko intensywnej opieki i dwa stanowiska wzmo\u017conego nadzoru. W trudniejszych przypadkach przekazujemy noworodka specjalistycznym transportem do plac\u00f3wki o wy\u017cszym stopniu referencyjno\u015bci (szpital kliniczny).<br>Oddzia\u0142 dysponuje 20 \u0142\u00f3\u017ceczkami wy\u0142\u0105cznie w systemie rooming in. Oznacza to, \u017ce ju\u017c od pierwszych chwil po porodzie matka i jej dziecko s\u0105 razem. Ju\u017c na sali porodowej k\u0142adziemy dziecko mamie na brzuch, umo\u017cliwiaj\u0105c kontakt &#8222;sk\u00f3ra do sk\u00f3ry&#8221;. Na oddziale Po\u0142o\u017cniczym, \u0142\u00f3\u017cko noworodka znajduje si\u0119 bezpo\u015brednio przy mamie. Ta blisko\u015b\u0107 stwarza matce mo\u017cliwo\u015b\u0107 obserwacji, piel\u0119gnacji i karmienia naturalnego, kt\u00f3re promujemy w naszym Szpitalu. Dla dziecka z kolei system ten oznacza wi\u0119ksze poczucie bezpiecze\u0144stwa i sprzyja budowaniu wi\u0119zi emocjonalnej z mam\u0105. Korzy\u015bci\u0105 dla obu stron jest r\u00f3wnie\u017c \u0142atwiejszy wst\u0119p do karmienia piersi\u0105 &#8211; dziecko mniej p\u0142acze, jest spokojne, dzi\u0119ki czemu mo\u017cliwe jest szybsze nauczenie si\u0119 rozumienia potrzeb noworodka.<br><strong>Zapewniamy w zale\u017cno\u015bci od woli Pacjentki, jej si\u0142 po porodzie, samopoczucia, potrzeby wypoczynku dodatkow\u0105 opiek\u0119 nad noworodkiem zar\u00f3wno w dzie\u0144 jak i w nocy.<\/strong><br><br>Nad bezpiecze\u0144stwem noworodk\u00f3w czuwa lekarz specjalista neonatolog dr n. med. Magdalena \u015awirkowicz &#8211; Kierownik Oddzia\u0142u oraz Piel\u0119gniarka Oddzia\u0142owa Pani Danuta Gawenda wraz z do\u015bwiadczonymi piel\u0119gniarkami, kt\u00f3re ucz\u0105 piel\u0119gnacji noworodka i nadzoruj\u0105 prawid\u0142owe przystawianie do piersi i karmienie male\u0144stwa przez mam\u0119. Zdrowy noworodek po porodzie fizjologicznym przebywa na oddziale z mam\u0105 dwie pe\u0142ne doby. W tym czasie wszystkie dzieci maj\u0105 wykonany test pulsoksymetryczny (badanie serca w kierunku wykrycia du\u017cych wad wrodzonych) oraz testy przesiewowe.<br>Od kilku lat jeste\u015bmy r\u00f3wnie\u017c uczestnikiem Programu Wczesnego Wykrywania Wad S\u0142uchu u Noworodk\u00f3w organizowanego przez Wielk\u0105 Orkiestr\u0119 \u015awi\u0105tecznej Pomocy, dzi\u0119ki kt\u00f3remu ka\u017cdy noworodek urodzony w Szpitalu w \u015aremie, poddawany jest przesiewowemu badaniu s\u0142uchu.<br>Oddzial w pe\u0142ni zabezpiecza ma\u0142ego pacjenta w niezb\u0119dn\u0105 bielizn\u0105 po\u015bcielow\u0105, kaftaniki, koszulki, czapeczki, a tak\u017ce potrzebne kosmetyki i \u015brodki higieniczne (pieluszki). Mama ma do dyspozycji wysokiej klasy elektryczny laktator.<br><br>Po opuszczeniu Oddzia\u0142u Noworodkowego mali pacjenci trafiaj\u0105 pod opiek\u0119 lekarza rodzinnego.<br>Wa\u017cne informacje:<br>1. Kierownik Oddzia\u0142u Noworodkowego: tel. 61 281 55 40<br>2. Po\u0142o\u017cna Oddzia\u0142owa Oddzia\u0142u Noworodkowego: tel. 61 281 55 65<br>3. Sekretariat Oddzia\u0142u Noworodkowego 61 281 55 60<br>4. Po\u0142o\u017cne tel. 61 281 5565<\/p><\/div><\/div>\n<\/div><\/div>\n<\/div><\/div><\/section>\n<\/div><\/section>\n","protected":false},"excerpt":{"rendered":"","protected":false},"author":1,"featured_media":3140,"parent":0,"menu_order":0,"comment_status":"closed","ping_status":"closed","template":"template-gutentor-full-width.php","meta":[],"uagb_featured_image_src":{"full":["https:\/\/szpital.hhd.pl\/wp-content\/uploads\/2021\/09\/rysunek-1.svg",50,50,false],"thumbnail":["https:\/\/szpital.hhd.pl\/wp-content\/uploads\/2021\/09\/rysunek-1.svg",150,150,true],"medium":["https:\/\/szpital.hhd.pl\/wp-content\/uploads\/2021\/09\/rysunek-1.svg",300,300,true],"medium_large":["https:\/\/szpital.hhd.pl\/wp-content\/uploads\/2021\/09\/rysunek-1.svg",768,1,true],"large":["https:\/\/szpital.hhd.pl\/wp-content\/uploads\/2021\/09\/rysunek-1.svg",1024,1024,true],"1536x1536":["https:\/\/szpital.hhd.pl\/wp-content\/uploads\/2021\/09\/rysunek-1.svg",50,50,true],"2048x2048":["https:\/\/szpital.hhd.pl\/wp-content\/uploads\/2021\/09\/rysunek-1.svg",50,50,true],"sydney-large-thumb":["https:\/\/szpital.hhd.pl\/wp-content\/uploads\/2021\/09\/rysunek-1.svg",50,50,true],"sydney-medium-thumb":["https:\/\/szpital.hhd.pl\/wp-content\/uploads\/2021\/09\/rysunek-1.svg",50,50,true],"sydney-small-thumb":["https:\/\/szpital.hhd.pl\/wp-content\/uploads\/2021\/09\/rysunek-1.svg",50,50,true],"sydney-service-thumb":["https:\/\/szpital.hhd.pl\/wp-content\/uploads\/2021\/09\/rysunek-1.svg",50,50,true],"sydney-mas-thumb":["https:\/\/szpital.hhd.pl\/wp-content\/uploads\/2021\/09\/rysunek-1.svg",50,50,true]},"uagb_author_info":{"display_name":"zandeckiw","author_link":"https:\/\/szpital.hhd.pl\/?author=1"},"uagb_comment_info":0,"uagb_excerpt":null,"_links":{"self":[{"href":"https:\/\/szpital.hhd.pl\/index.php?rest_route=\/wp\/v2\/pages\/1594"}],"collection":[{"href":"https:\/\/szpital.hhd.pl\/index.php?rest_route=\/wp\/v2\/pages"}],"about":[{"href":"https:\/\/szpital.hhd.pl\/index.php?rest_route=\/wp\/v2\/types\/page"}],"author":[{"embeddable":true,"href":"https:\/\/szpital.hhd.pl\/index.php?rest_route=\/wp\/v2\/users\/1"}],"replies":[{"embeddable":true,"href":"https:\/\/szpital.hhd.pl\/index.php?rest_route=%2Fwp%2Fv2%2Fcomments&post=1594"}],"version-history":[{"count":0,"href":"https:\/\/szpital.hhd.pl\/index.php?rest_route=\/wp\/v2\/pages\/1594\/revisions"}],"wp:featuredmedia":[{"embeddable":true,"href":"https:\/\/szpital.hhd.pl\/index.php?rest_route=\/wp\/v2\/media\/3140"}],"wp:attachment":[{"href":"https:\/\/szpital.hhd.pl\/index.php?rest_route=%2Fwp%2Fv2%2Fmedia&parent=1594"}],"curies":[{"name":"wp","href":"https:\/\/api.w.org\/{rel}","templated":true}]}}