{"id":936,"date":"2021-05-05T08:54:39","date_gmt":"2021-05-05T06:54:39","guid":{"rendered":"https:\/\/szpital.hhd.pl\/?page_id=936"},"modified":"2021-07-01T12:42:06","modified_gmt":"2021-07-01T10:42:06","slug":"sor","status":"publish","type":"page","link":"https:\/\/szpital.hhd.pl\/?page_id=936","title":{"rendered":"SOR"},"content":{"rendered":"\n<\/div><\/div><\/div><\/div>\n<style>\n.page-wrap {\n    padding-bottom: 0px;\n}\n<\/style>\n<div class=\"everyPageHead\">\n\n\n\n<section id=\"everyPageHead\" class=\"wp-block-gutentor-m3 section-gm461ba8b gutentor-module gutentor-container-cover has-image-bg has-custom-bg has-gutentor-block-shape-top has-gutentor-block-shape-bottom\"><div class=\"gutentor-block-shape-top\"><span><svg viewBox=\"0 0 1280 140\" preserveAspectRatio=\"none\" xmlns=\"http:\/\/www.w3.org\/2000\/svg\"><g><path d=\"M0 47.44L170 0l626.48 94.89L1110 87.11l170-39.67V140H0V47.44z\" fill-opacity=\".5\" style=\"fill-rule:evenodd; transform: rotate(180deg); transform-origin:50% 50%;\"\/><path d=\"M0 90.72l140-28.28 315.52 24.14L796.48 65.8 1140 104.89l140-14.17V140H0V90.72z\" style=\"fill-rule:evenodd; transform: rotate(180deg); transform-origin:50% 50%;\"\/><\/g><\/svg><\/span><\/div><div class=\"grid-container\">\n<div style=\"height:200px\" aria-hidden=\"true\" class=\"wp-block-spacer\"><\/div>\n\n\n\n<div id=\"section-g3d0273\" class=\"wp-block-gutentor-e1 section-g3d0273 gutentor-element gutentor-element-advanced-text text-align-center-desktop\"><div class=\"gutentor-text-wrap\"><h1 class=\"gutentor-text\"><strong>Szpitalny Oddzia\u0142 Ratunkowy<\/strong><\/h1><\/div><\/div>\n\n\n\n<div style=\"height:200px\" aria-hidden=\"true\" class=\"wp-block-spacer\"><\/div>\n<\/div><div class=\"gutentor-block-shape-bottom\"><span><svg viewBox=\"0 0 1280 140\" preserveAspectRatio=\"none\" xmlns=\"http:\/\/www.w3.org\/2000\/svg\"><g><path d=\"M0 47.44L170 0l626.48 94.89L1110 87.11l170-39.67V140H0V47.44z\" fill-opacity=\".5\" style=\"fill-rule:evenodd; transform: rotate(180deg); transform-origin:50% 50%;\"\/><path d=\"M0 90.72l140-28.28 315.52 24.14L796.48 65.8 1140 104.89l140-14.17V140H0V90.72z\" style=\"fill-rule:evenodd; transform: rotate(180deg); transform-origin:50% 50%;\"\/><\/g><\/svg><\/span><\/div><\/section>\n\n\n\n<\/div>\n<div class=\"container content-wrapper\">\n<div class=\"row>\n<div id=\"primary\" class=\"fp-content-area\">\n<div class=\"entry-content\">\n\n\n\n<section id=\"gm59dcf9c\" class=\"wp-block-gutentor-m3 section-gm59dcf9c gutentor-module gutentor-container-cover\"><div class=\"grid-container\">\n<section id=\"gmb283b76\" class=\"wp-block-gutentor-m4 section-gmb283b76 gutentor-module gutentor-advanced-columns gutentor-enable-sticky-column\" data-top=\"120\" data-bottom=\"\"><div class=\"grid-container\"><div class=\"grid-row\">\n<div id=\"col-gm322a34\" class=\"wp-block-gutentor-m4-col col-gm322a34 gutentor-single-column  grid-lg-2 grid-md-4 grid-12\"><div id=\"section-gm322a34\" class=\"section-gm322a34 gutentor-col-wrap\">\n<section id=\"gm6f4063c\" class=\"wp-block-gutentor-m3 section-gm6f4063c gutentor-module gutentor-container-cover\"><div class=\"grid-container gutentor-rm-ct-space-d gutentor-rm-ct-space-t gutentor-rm-ct-space\">\n<div class=\"wp-block-uagb-advanced-heading uagb-block-ce303e00\"><h4 class=\"uagb-heading-text\">Wa\u017cne Informacje<\/h4><div class=\"uagb-separator-wrap\"><div class=\"uagb-separator\"><\/div><\/div><p class=\"uagb-desc-text\"><\/p><\/div>\n\n\n\n<section id=\"gmb8d2aae\" class=\"wp-block-gutentor-m3 section-gmb8d2aae gutentor-module gutentor-container-cover\"><div class=\"grid-container gutentor-rm-ct-space-d gutentor-rm-ct-space-t gutentor-rm-ct-space\">\n<div id=\"section-gdb314f\" class=\"wp-block-gutentor-e1 section-gdb314f gutentor-element gutentor-element-advanced-text text-align-center-desktop\"><div class=\"gutentor-text-wrap\"><p class=\"gutentor-text\">Czas Oczekiwania na interwencje lekarza wed\u0142ug priorytet\u00f3w:<\/p><\/div><\/div>\n\n\n\n<section id=\"gmc969938\" class=\"wp-block-gutentor-m3 section-gmc969938 gutentor-module gutentor-container-cover\"><div class=\"grid-container gutentor-rm-ct-space-d gutentor-rm-ct-space-t gutentor-rm-ct-space\">\n<div id=\"section-g111dd6\" class=\"wp-block-gutentor-e1 section-g111dd6 gutentor-element gutentor-element-advanced-text\"><div class=\"gutentor-text-wrap\"><p class=\"gutentor-text\">Czerwony &#8211; Pomoc natychmiastowa<\/p><\/div><\/div>\n<\/div><\/section>\n\n\n\n<section id=\"gm1f53103\" class=\"wp-block-gutentor-m3 section-gm1f53103 gutentor-module gutentor-container-cover\"><div class=\"grid-container gutentor-rm-ct-space-d gutentor-rm-ct-space-t gutentor-rm-ct-space\">\n<div id=\"section-g1cc42d\" class=\"wp-block-gutentor-e1 section-g1cc42d gutentor-element gutentor-element-advanced-text\"><div class=\"gutentor-text-wrap\"><p class=\"gutentor-text\">\u017b\u00f3\u0142ty &#8211; do 60 min<\/p><\/div><\/div>\n<\/div><\/section>\n\n\n\n<section id=\"gm0ae5cff\" class=\"wp-block-gutentor-m3 section-gm0ae5cff gutentor-module gutentor-container-cover\"><div class=\"grid-container gutentor-rm-ct-space-d gutentor-rm-ct-space-t gutentor-rm-ct-space\">\n<div id=\"section-g24cf75\" class=\"wp-block-gutentor-e1 section-g24cf75 gutentor-element gutentor-element-advanced-text\"><div class=\"gutentor-text-wrap\"><p class=\"gutentor-text\">Zielony &#8211; do 3 h<\/p><\/div><\/div>\n<\/div><\/section>\n\n\n\n<section id=\"gm4134741\" class=\"wp-block-gutentor-m3 section-gm4134741 gutentor-module gutentor-container-cover\"><div class=\"grid-container gutentor-rm-ct-space-d gutentor-rm-ct-space-t gutentor-rm-ct-space\">\n<div id=\"section-gbafbd9\" class=\"wp-block-gutentor-e1 section-gbafbd9 gutentor-element gutentor-element-advanced-text\"><div class=\"gutentor-text-wrap\"><p class=\"gutentor-text\">Niebieski &#8211; do 6 h<\/p><\/div><\/div>\n<\/div><\/section>\n<\/div><\/section>\n\n\n\n<div style=\"height:35px\" aria-hidden=\"true\" class=\"wp-block-spacer\"><\/div>\n\n\n\n<div class=\"wp-block-uagb-advanced-heading uagb-block-7340e524\"><h4 class=\"uagb-heading-text\">Kierownik:<\/h4><div class=\"uagb-separator-wrap\"><div class=\"uagb-separator\"><\/div><\/div><p class=\"uagb-desc-text\">Krzysztof Szurygaj\u0142o<\/p><\/div>\n\n\n\n<div id=\"section-gae3245\" class=\"wp-block-gutentor-e6 section-gae3245 gutentor-element gutentor-element-image text-align-center-desktop text-align-center-tablet text-align-center-mobile\"><div class=\"gutentor-element-image-box\"><div class=\"gutentor-image-thumb\"><img class=\"normal-image\" src=\"https:\/\/szpital.hhd.pl\/wp-content\/uploads\/2021\/05\/unknown.jpg\"\/><\/div><\/div><\/div>\n\n\n\n<div style=\"height:35px\" aria-hidden=\"true\" class=\"wp-block-spacer\"><\/div>\n\n\n\n<div class=\"wp-block-uagb-advanced-heading uagb-block-aa806ae6\"><h4 class=\"uagb-heading-text\">Kontakt:<\/h4><div class=\"uagb-separator-wrap\"><div class=\"uagb-separator\"><\/div><\/div><p class=\"uagb-desc-text\"><\/p><\/div>\n\n\n\n<div id=\"section-g2c97df\" class=\"wp-block-gutentor-e1 section-g2c97df gutentor-element gutentor-element-advanced-text\"><div class=\"gutentor-text-wrap\"><p class=\"gutentor-text\"><strong>Gabinet lekarzy:<\/strong><br>61 281 56 42<br><br><strong>Punkt piel\u0119gniarski: <\/strong><br>61 281 56 18<\/p><\/div><\/div>\n<\/div><\/section>\n<\/div><\/div>\n\n\n\n<div id=\"col-gm63cb5e\" class=\"wp-block-gutentor-m4-col col-gm63cb5e gutentor-single-column  grid-lg-10 grid-md-8 grid-12\"><div id=\"section-gm63cb5e\" class=\"section-gm63cb5e gutentor-col-wrap\">\n<div class=\"wp-container-3 wp-block-group\"><div class=\"wp-block-group__inner-container\">\n<div id=\"section-g6a6a17\" class=\"wp-block-gutentor-e1 section-g6a6a17 gutentor-element gutentor-element-advanced-text\"><div class=\"gutentor-text-wrap\"><h4 class=\"gutentor-text\">Odno\u015bniki:<\/h4><\/div><\/div>\n\n\n\n<div id=\"section-gbc1b5a\" class=\"wp-block-gutentor-e1 section-gbc1b5a gutentor-element gutentor-element-advanced-text\"><div class=\"gutentor-text-wrap\"><h5 class=\"gutentor-text\"><strong>Przyj\u0119cia w trybie nag\u0142ym bez skierowania<\/strong>:<\/h5><\/div><\/div>\n\n\n\n<div class=\"wp-container-2 wp-block-group\"><div class=\"wp-block-group__inner-container\">\n<div class=\"wp-container-1 wp-block-buttons is-content-justification-left\">\n<div class=\"wp-block-button\"><a class=\"wp-block-button__link has-background\" href=\"#nagly\" style=\"background-color:#008cd2\">Przejd\u017a<\/a><\/div>\n<\/div>\n<\/div><\/div>\n<\/div><\/div>\n\n\n\n<hr class=\"wp-block-separator\"\/>\n\n\n\n<div style=\"height:100px\" aria-hidden=\"true\" class=\"wp-block-spacer\"><\/div>\n\n\n\n<div class=\"wp-block-uagb-advanced-heading uagb-block-9b75f926\"><h2 class=\"uagb-heading-text\"><strong>Szpitalny Oddzia\u0142 Ratunkowy<\/strong><\/h2><div class=\"uagb-separator-wrap\"><div class=\"uagb-separator\"><\/div><\/div><p class=\"uagb-desc-text\"><\/p><\/div>\n\n\n\n<div id=\"section-g061497\" class=\"wp-block-gutentor-e1 section-g061497 gutentor-element gutentor-element-advanced-text\"><div class=\"gutentor-text-wrap\"><p class=\"gutentor-text\">Szpitalny Oddzia\u0142 Ratunkowy Szpitala Powiatowego im. Tadeusza Mali\u0144skiego w \u015aremie sp. z o.o. realizuje swoje zadania poprzez \u015bwiadczenie us\u0142ug medycznych polegaj\u0105cych na wst\u0119pnej diagnostyce i leczeniu pacjent\u00f3w w stanach bezpo\u015bredniego zagro\u017cenia zdrowia i \u017cycia, pacjent\u00f3w, kt\u00f3rzy doznali urazu w dniu zg\u0142oszenia sie do oddzia\u0142u.<br>W celu sprawnej oceny stanu pacjenta i okre\u015blenia pilno\u015bci badania lekarskiego personel medyczny realizuje procedur\u0119 segregacji medycznej (TRIAGE). Piel\u0119gniarka lub ratownik medyczny oceniaj\u0105 stan pacjenta na podstawie: wywiadu, wykonanych parametr\u00f3w \u017cyciowych. Wst\u0119pna ocena stanu pacjenta obejmuje:<br>&#8211; pomiar temperatury cia\u0142a, cisnienia t\u0119tniczego, t\u0119tna, saturacji, liczby oddech\u00f3w, glikemii, wagi cia\u0142a,\u00a0<br>&#8211; ocen\u0119 \u015bwiadomo\u015bci wg. skali Glasgow,<br>&#8211; ocen\u0119 stopnia nasilenia b\u00f3lu,<br>&#8211; wykonanie zapisu EKG.<br>Na podstawie powy\u017cszych parametr\u00f3w ustala si\u0119 kolejno\u015bci i czas oczekiwania na interwencje lekarza &#8211; priorytet przyj\u0119cia:<br>PRIORYTET CZERWONY &#8211; pomoc natychmiastowa<br>PRIORYTET \u017b\u00d3\u0141TY &#8211; pomoc pilna (czas oczekiwania do 60 minut)<br>PRIORYTET ZIELONY &#8211; pomoc odroczona (czas oczekiwania do 3 h)<br>PRIORYTET NIEBIESKI &#8211; priorytet wyczekuj\u0105cy (czas oczekiwania do 6 h)<br>Opr\u00f3cz tego Szpitalny Oddzia\u0142 Ratunkowy odpowiedzialny jest za organizacj\u0119 transportu do innych zak\u0142ad\u00f3w opieki zdrowotnej w przypadku pojawienia si\u0119 konieczno\u015bci leczenia wyskospecjalistycznego.<br>Dodatkowym zadaniem jest r\u00f3wnie\u017c zabezpieczanie medyczne wszelkiego rodzaju imprez na zlecenie organizator\u00f3w<br>W \u015bremskim Szpitalnym Oddziale Ratunkowym wydzielone s\u0105 organizacyjnie nast\u0119puj\u0105ce obszary:<br>\u00a0<br>obserwacyjny,<br>intensywnej terapii,<br>konsultacyjny,<br>terapii natychmiastowej,<br>resuscytacyjno &#8211; zabiegowy.<\/p><\/div><\/div>\n\n\n\n<div id=\"section-gfcffb8\" class=\"wp-block-gutentor-e6 section-gfcffb8 gutentor-element gutentor-element-image\"><div class=\"gutentor-element-image-box\"><div class=\"gutentor-image-thumb\"><img class=\"normal-image\" src=\"https:\/\/szpital.hhd.pl\/wp-content\/uploads\/2021\/05\/Szpitalny_Oddzial_Ratunkowy-1.jpg\"\/><\/div><\/div><\/div>\n\n\n\n<div id=\"section-g28a4ee\" class=\"wp-block-gutentor-e1 section-g28a4ee gutentor-element gutentor-element-advanced-text\"><div class=\"gutentor-text-wrap\"><p class=\"gutentor-text\">Nad pacjentami czuwa do\u015bwiadczony personel, kt\u00f3ry sk\u0142ada si\u0119 z \u00a0anestezjolog\u00f3w, internist\u00f3w, chirurg\u00f3w oraz lekarzy innych specjalno\u015bci, b\u0119d\u0105cych na terenie Szpitala do sta\u0142ej dyspozycji.<br><br>Sk\u0142ad podstawowy zespo\u0142u Szpitalnego Oddzia\u0142u Ratunkowego to:<br>Kierownik oddzia\u0142u lek.med. Krzysztof Szurygaj\u0142o<br>Koordynator oddzia\u0142u ratownik medyczny Waldemar Wyrzykiewicz<br>Z-ca koordynatora ratownik medyczny Jakub Kaczmarek<br>lekarze, piel\u0119gniarki,ratownicy medyczni i personel pomocniczy.<\/p><\/div><\/div>\n\n\n\n<div id=\"section-g46188a\" class=\"wp-block-gutentor-e6 section-g46188a gutentor-element gutentor-element-image\"><div class=\"gutentor-element-image-box\"><div class=\"gutentor-image-thumb\"><img class=\"normal-image\" src=\"https:\/\/szpital.hhd.pl\/wp-content\/uploads\/2021\/05\/Ambulans.jpg\"\/><\/div><\/div><\/div>\n\n\n\n<div id=\"section-gb998ad\" class=\"wp-block-gutentor-e6 section-gb998ad gutentor-element gutentor-element-image\"><div class=\"gutentor-element-image-box\"><div class=\"gutentor-image-thumb\"><img class=\"normal-image\" src=\"https:\/\/szpital.hhd.pl\/wp-content\/uploads\/2021\/05\/Ambulans_1.jpg\"\/><\/div><\/div><\/div>\n\n\n\n<div id=\"section-gd3f8c3\" class=\"wp-block-gutentor-e1 section-gd3f8c3 gutentor-element gutentor-element-advanced-text\"><div class=\"gutentor-text-wrap\"><p class=\"gutentor-text\">Oddzia\u0142 jest dobrze wyposa\u017cony, dzi\u0119ki czemu mo\u017cliwe jest:<br>prowadzenie monitoringu funkcji \u017cyciowych,<br>prowadzenie resuscytacji kr\u0105\u017ceniowo-oddechowo-m\u00f3zgowej oraz p\u0142ynowej,<br>wykonywanie wst\u0119pnej diagnostyki,<br>leczenie b\u00f3lu, uraz\u00f3w, zatru\u0107,<br>zabezpieczenie chirurgiczne uraz\u00f3w i ran.<br>Szpitalny Odzia\u0142 Ratunkowy mie\u015bci si\u0119 na parterze Szpitala. W jego sk\u0142ad wchodz\u0105 2 sale do obserwacji z\u00a08 \u0142\u00f3\u017ckami, 1 sala zabiegowa, obszar intensywnej terapii oraz punkty konsultacyjne.<\/p><\/div><\/div>\n\n\n\n<hr class=\"wp-block-separator\" id=\"nagly\"\/>\n\n\n\n<div style=\"height:100px\" aria-hidden=\"true\" id=\"nagly\" class=\"wp-block-spacer\"><\/div>\n\n\n\n<div class=\"wp-block-uagb-advanced-heading uagb-block-f9322ef5\"><h2 class=\"uagb-heading-text\"><strong>Przyj\u0119cia w trybie nag\u0142ym bez skierowania<\/strong><\/h2><div class=\"uagb-separator-wrap\"><div class=\"uagb-separator\"><\/div><\/div><p class=\"uagb-desc-text\"><\/p><\/div>\n\n\n\n<div id=\"section-gd15771\" class=\"wp-block-gutentor-e1 section-gd15771 gutentor-element gutentor-element-advanced-text\"><div class=\"gutentor-text-wrap\"><p class=\"gutentor-text\"><br>W przypadku przyj\u0119cia nieplanowego (nag\u0142ego), czyli bez wyznaczonej wcze\u015bniej daty i godziny oraz bez skierowania od lekarza, pacjent powinien zg\u0142osi\u0107 si\u0119 do Szpitalnego Oddzia\u0142u Ratunkowego z nast\u0119puj\u0105cymi dokumentami:<br>dokument potwierdzaj\u0105cy to\u017csamo\u015b\u0107 &#8211; dow\u00f3d osobisty, prawo jazdy lub paszport,<br>obcokrajowcy powinni przedstawi\u0107 Europejsk\u0105 Kart\u0119 Ubezpieczenia Zdrowotnego oraz dokument potwierdzaj\u0105cy to\u017csamo\u015b\u0107,<br>dokumenty dot. stanu zdrowia lub wcze\u015bniejszych pobyt\u00f3w w szpitalu, np. karta informacyjna z leczenia szpitalnego, wyniki bada\u0144, konsultacji, itp.<br><br>Je\u015bli bark jest powy\u017cszych dokument\u00f3w, nale\u017cy je dostarczy\u0107 najszybciej jak to jest mo\u017cliwe nie p\u00f3\u017aniej ni\u017c przed up\u0142ywem 30 dni.<br><br>Nast\u0119pnie pacjent badany jest przez lekarza dy\u017curnego Szpitalnego Oddzia\u0142u Ratunkowego,kt\u00f3ry podejmuje leczenie, przekazuje na inny oddzia\u0142 lub wypisuje pacjenta do domu. Pacjent leczony na Szpitalnym Oddziale Ratunkwym lub przeniesiony do dalszego leczenia szpitalnego na inny oddzia\u0142, wyra\u017ca zgod\u0119 na:<br>na hospitalizacj\u0119, lub brak zgody na hospitalizacj\u0119<br>na udzielanie informacji o swoim stanie zdrowia, udost\u0119pnianie dokumentacji medycznej oraz o poinformowaniu o przys\u0142uguj\u0105cych prawach i zapoznaniu si\u0119 z Kart\u0105 Praw Pacjenta.<br><br>Po za\u0142atwieniu cz\u0119\u015bci formalnej i w przypadku, gdy pacjent pozostaje w szpitalu, kierowany jest do przebieralni, gdzie mo\u017ce po zostawieniu rzeczy w Depozycie odzie\u017cy przej\u015b\u0107 w towarzystwie personelu szpitalnego na w\u0142a\u015bciwy oddzia\u0142.<br><br>Zg\u0142aszaj\u0105c si\u0119 do Szpitala pacjent powinien zabra\u0107 ze sob\u0105:<br>bielizn\u0119 osobist\u0105,<br>szlafrok,<br>r\u0119cznik,<br>przybory toaletowe,<br>sztu\u0107ce,<br>dokumentacj\u0119 z wcze\u015bniejszego leczenia.<br><strong>Uwaga!<\/strong><br>W przypadku os\u00f3b, kt\u00f3re nie uko\u0144czy\u0142y 16 roku \u017cycia, wszystkie dokumenty podpisywane s\u0105 przez rodzic\u00f3w b\u0105d\u017a prawomocnych opiekun\u00f3w. Osoby w wieku 16-18 lat podpisuj\u0105 dokumenty wraz z rodzicami b\u0105d\u017a prawomocnymi opiekunami. Samodzielnie podpisuj\u0105 dokumenty osoby, kt\u00f3re uko\u0144czy\u0142y 18 lat.<br>W przypadku os\u00f3b chorych psychicznie b\u0105d\u017a ubezw\u0142asnowolnionych wymagane s\u0105 podpisy prawnych opiekun\u00f3w.<br>Szpitalny Oddzia\u0142 Ratunkowy czynny jest 24h\/dob\u0119.<br>Kontakt telefoniczny do Szpitalnego Oddzia\u0142u Ratunkowego: 61 281 56 18<br><strong>Szanowni Pa\u0144stwo<\/strong>,<br><br>je\u017celi byli\u015bcie Pa\u0144stwo pacjentami Oddzia\u0142u serdecznie zach\u0119camy do <a href=\"http:\/\/www.szpitalwsremie.pl\/ankieta-satysfakcji-pacjenta.html\">wype\u0142nienia anonimowej ankiety<\/a> i tym samym do podzielenia si\u0119 z nami swoj\u0105 opini\u0105 i spostrze\u017ceniami na temat opieki i jako\u015bci \u015bwiadczonych na oddziale us\u0142ug medycznych.<br><br>Dzi\u0119ki temu pomog\u0105 nam Pa\u0144stwo niwelowa\u0107 niedoskona\u0142o\u015bci przyczyniaj\u0105c si\u0119 jednocze\u015bnie do sta\u0142ego podnoszenia jako\u015bci oferowanych przez Szpital w \u015aremie Sp. z o.o. \u015bwiadcze\u0144 zdrowotnych.<br>Z g\u00f3ry dzi\u0119kujemy za wype\u0142nione ankiety.<\/p><\/div><\/div>\n<\/div><\/div>\n<\/div><\/div><\/section>\n<\/div><\/section>\n","protected":false},"excerpt":{"rendered":"","protected":false},"author":1,"featured_media":3140,"parent":0,"menu_order":0,"comment_status":"closed","ping_status":"closed","template":"template-gutentor-full-width.php","meta":[],"uagb_featured_image_src":{"full":["https:\/\/szpital.hhd.pl\/wp-content\/uploads\/2021\/09\/rysunek-1.svg",50,50,false],"thumbnail":["https:\/\/szpital.hhd.pl\/wp-content\/uploads\/2021\/09\/rysunek-1.svg",150,150,true],"medium":["https:\/\/szpital.hhd.pl\/wp-content\/uploads\/2021\/09\/rysunek-1.svg",300,300,true],"medium_large":["https:\/\/szpital.hhd.pl\/wp-content\/uploads\/2021\/09\/rysunek-1.svg",768,1,true],"large":["https:\/\/szpital.hhd.pl\/wp-content\/uploads\/2021\/09\/rysunek-1.svg",1024,1024,true],"1536x1536":["https:\/\/szpital.hhd.pl\/wp-content\/uploads\/2021\/09\/rysunek-1.svg",50,50,true],"2048x2048":["https:\/\/szpital.hhd.pl\/wp-content\/uploads\/2021\/09\/rysunek-1.svg",50,50,true],"sydney-large-thumb":["https:\/\/szpital.hhd.pl\/wp-content\/uploads\/2021\/09\/rysunek-1.svg",50,50,true],"sydney-medium-thumb":["https:\/\/szpital.hhd.pl\/wp-content\/uploads\/2021\/09\/rysunek-1.svg",50,50,true],"sydney-small-thumb":["https:\/\/szpital.hhd.pl\/wp-content\/uploads\/2021\/09\/rysunek-1.svg",50,50,true],"sydney-service-thumb":["https:\/\/szpital.hhd.pl\/wp-content\/uploads\/2021\/09\/rysunek-1.svg",50,50,true],"sydney-mas-thumb":["https:\/\/szpital.hhd.pl\/wp-content\/uploads\/2021\/09\/rysunek-1.svg",50,50,true]},"uagb_author_info":{"display_name":"zandeckiw","author_link":"https:\/\/szpital.hhd.pl\/?author=1"},"uagb_comment_info":0,"uagb_excerpt":null,"_links":{"self":[{"href":"https:\/\/szpital.hhd.pl\/index.php?rest_route=\/wp\/v2\/pages\/936"}],"collection":[{"href":"https:\/\/szpital.hhd.pl\/index.php?rest_route=\/wp\/v2\/pages"}],"about":[{"href":"https:\/\/szpital.hhd.pl\/index.php?rest_route=\/wp\/v2\/types\/page"}],"author":[{"embeddable":true,"href":"https:\/\/szpital.hhd.pl\/index.php?rest_route=\/wp\/v2\/users\/1"}],"replies":[{"embeddable":true,"href":"https:\/\/szpital.hhd.pl\/index.php?rest_route=%2Fwp%2Fv2%2Fcomments&post=936"}],"version-history":[{"count":0,"href":"https:\/\/szpital.hhd.pl\/index.php?rest_route=\/wp\/v2\/pages\/936\/revisions"}],"wp:featuredmedia":[{"embeddable":true,"href":"https:\/\/szpital.hhd.pl\/index.php?rest_route=\/wp\/v2\/media\/3140"}],"wp:attachment":[{"href":"https:\/\/szpital.hhd.pl\/index.php?rest_route=%2Fwp%2Fv2%2Fmedia&parent=936"}],"curies":[{"name":"wp","href":"https:\/\/api.w.org\/{rel}","templated":true}]}}